CRAN Package Check Results for Package longit

Last updated on 2023-11-30 18:49:35 CET.

Flavor Version Tinstall Tcheck Ttotal Status Flags
r-devel-linux-x86_64-debian-clang 0.1.0 9.02 104.63 113.65 OK
r-devel-linux-x86_64-debian-gcc 0.1.0 8.55 79.49 88.04 OK
r-devel-linux-x86_64-fedora-clang 0.1.0 152.78 NOTE
r-devel-linux-x86_64-fedora-gcc 0.1.0 150.95 NOTE
r-devel-windows-x86_64 0.1.0 11.00 97.00 108.00 OK
r-patched-linux-x86_64 0.1.0 8.07 104.22 112.29 OK
r-release-linux-x86_64 0.1.0 8.85 101.14 109.99 OK
r-release-macos-arm64 0.1.0 48.00 OK
r-release-macos-x86_64 0.1.0 63.00 OK
r-release-windows-x86_64 0.1.0 15.00 115.00 130.00 OK
r-oldrel-macos-arm64 0.1.0 53.00 NOTE
r-oldrel-macos-x86_64 0.1.0 66.00 NOTE
r-oldrel-windows-x86_64 0.1.0 15.00 114.00 129.00 OK

Check Details

Version: 0.1.0
Check: dependencies in R code
Result: NOTE Namespace in Imports field not imported from: ‘utils’ All declared Imports should be used. Flavors: r-devel-linux-x86_64-fedora-clang, r-devel-linux-x86_64-fedora-gcc, r-oldrel-macos-arm64, r-oldrel-macos-x86_64