Last updated on 2023-06-09 19:56:27 CEST.
Flavor | Version | Tinstall | Tcheck | Ttotal | Status | Flags |
---|---|---|---|---|---|---|
r-devel-linux-x86_64-debian-clang | 1.3 | 204.97 | 182.98 | 387.95 | OK | --no-vignettes |
r-devel-linux-x86_64-debian-gcc | 1.3 | 173.89 | 138.26 | 312.15 | OK | --no-vignettes |
r-devel-linux-x86_64-fedora-clang | 1.3 | 517.92 | OK | --no-vignettes | ||
r-devel-linux-x86_64-fedora-gcc | 1.3 | 556.74 | OK | --no-vignettes | ||
r-devel-windows-x86_64 | 1.3 | 163.00 | 181.00 | 344.00 | OK | --no-vignettes |
r-patched-linux-x86_64 | 1.3 | 194.36 | 171.03 | 365.39 | OK | --no-vignettes |
r-release-linux-x86_64 | 1.3 | 181.96 | 172.34 | 354.30 | OK | --no-vignettes |
r-release-macos-arm64 | 1.3 | 1803.00 | NOTE | |||
r-release-macos-x86_64 | 1.3 | 1803.00 | NOTE | |||
r-release-windows-x86_64 | 1.3 | 204.00 | 246.00 | 450.00 | OK | --no-vignettes |
r-oldrel-macos-arm64 | 1.3 | 981.00 | NOTE | |||
r-oldrel-macos-x86_64 | 1.3 | 1803.00 | ERROR | |||
r-oldrel-windows-x86_64 | 1.3 | 188.00 | 246.00 | 434.00 | OK | --no-vignettes |
Version: 1.3
Check: installed package size
Result: NOTE
installed size is 21.8Mb
sub-directories of 1Mb or more:
libs 20.1Mb
Flavors: r-release-macos-arm64, r-release-macos-x86_64, r-oldrel-macos-arm64, r-oldrel-macos-x86_64
Version: 1.3
Check: re-building of vignette outputs
Result: ERROR
Error(s) in re-building vignettes:
...
--- re-building ‘lolog-ergm.Rmd’ using rmarkdown
Execution halted
* checking PDF version of manual ...* using check arguments '--no-clean-on-error '
Flavor: r-oldrel-macos-x86_64