Last updated on 2024-04-23 19:50:49 CEST.
Flavor | Version | Tinstall | Tcheck | Ttotal | Status | Flags |
---|---|---|---|---|---|---|
r-devel-linux-x86_64-debian-clang | 1.0 | 35.69 | 119.49 | 155.18 | NOTE | |
r-devel-linux-x86_64-debian-gcc | 1.0 | 30.21 | 64.21 | 94.42 | NOTE | |
r-devel-linux-x86_64-fedora-clang | 1.0 | 219.83 | NOTE | |||
r-devel-linux-x86_64-fedora-gcc | 1.0 | 163.86 | NOTE | |||
r-prerel-macos-arm64 | 1.0 | 41.00 | NOTE | |||
r-prerel-windows-x86_64 | 1.0 | 30.00 | 93.00 | 123.00 | NOTE | |
r-patched-linux-x86_64 | 1.0 | 36.15 | 81.07 | 117.22 | NOTE | |
r-release-linux-x86_64 | 1.0 | 38.45 | 84.13 | 122.58 | NOTE | |
r-release-macos-arm64 | 1.0 | 48.00 | NOTE | |||
r-release-macos-x86_64 | 1.0 | 75.00 | NOTE | |||
r-release-windows-x86_64 | 1.0 | 39.00 | 109.00 | 148.00 | NOTE | |
r-oldrel-macos-arm64 | 1.0 | 42.00 | OK | |||
r-oldrel-windows-x86_64 | 1.0 | 37.00 | 110.00 | 147.00 | OK |
Version: 1.0
Check: C++ specification
Result: NOTE
Specified C++11: please drop specification unless essential
Flavors: r-devel-linux-x86_64-debian-clang, r-devel-linux-x86_64-debian-gcc, r-devel-linux-x86_64-fedora-clang, r-devel-linux-x86_64-fedora-gcc, r-prerel-macos-arm64, r-prerel-windows-x86_64, r-patched-linux-x86_64, r-release-linux-x86_64, r-release-macos-arm64, r-release-macos-x86_64, r-release-windows-x86_64