Last updated on 2024-04-17 19:58:42 CEST.
Flavor | Version | Tinstall | Tcheck | Ttotal | Status | Flags |
---|---|---|---|---|---|---|
r-devel-linux-x86_64-debian-clang | 0.3.1 | 2.80 | 51.30 | 54.10 | NOTE | |
r-devel-linux-x86_64-debian-gcc | 0.3.1 | 3.03 | 37.96 | 40.99 | NOTE | |
r-devel-linux-x86_64-fedora-clang | 0.3.1 | 68.59 | NOTE | |||
r-devel-linux-x86_64-fedora-gcc | 0.3.1 | 63.38 | NOTE | |||
r-prerel-macos-arm64 | 0.3.1 | 29.00 | NOTE | |||
r-prerel-windows-x86_64 | 0.3.1 | 5.00 | 58.00 | 63.00 | NOTE | |
r-patched-linux-x86_64 | 0.3.1 | 2.40 | 49.01 | 51.41 | NOTE | |
r-release-linux-x86_64 | 0.3.1 | 2.28 | 47.66 | 49.94 | OK | |
r-release-macos-arm64 | 0.3.1 | 31.00 | OK | |||
r-release-macos-x86_64 | 0.3.1 | 45.00 | OK | |||
r-release-windows-x86_64 | 0.3.1 | 5.00 | 63.00 | 68.00 | OK | |
r-oldrel-macos-arm64 | 0.3.1 | 27.00 | OK | |||
r-oldrel-windows-x86_64 | 0.3.1 | 6.00 | 67.00 | 73.00 | OK |
Version: 0.3.1
Check: Rd files
Result: NOTE
checkRd: (-1) mte_tilde_at.Rd:23: Lost braces in \itemize; \value handles \item{}{} directly
checkRd: (-1) mte_tilde_at.Rd:24: Lost braces in \itemize; \value handles \item{}{} directly
checkRd: (-1) mte_tilde_at.Rd:25: Lost braces in \itemize; \value handles \item{}{} directly
checkRd: (-1) mte_tilde_at.Rd:26: Lost braces in \itemize; \value handles \item{}{} directly
checkRd: (-1) mte_tilde_at.Rd:27: Lost braces in \itemize; \value handles \item{}{} directly
Flavors: r-devel-linux-x86_64-debian-clang, r-devel-linux-x86_64-debian-gcc, r-devel-linux-x86_64-fedora-clang, r-devel-linux-x86_64-fedora-gcc, r-prerel-macos-arm64, r-prerel-windows-x86_64, r-patched-linux-x86_64