Last updated on 2023-06-09 19:56:27 CEST.
Flavor | Version | Tinstall | Tcheck | Ttotal | Status | Flags |
---|---|---|---|---|---|---|
r-devel-linux-x86_64-debian-clang | 1.9 | 75.83 | 109.93 | 185.76 | OK | |
r-devel-linux-x86_64-debian-gcc | 1.9 | 63.48 | 86.01 | 149.49 | OK | |
r-devel-linux-x86_64-fedora-clang | 1.9 | 231.33 | OK | |||
r-devel-linux-x86_64-fedora-gcc | 1.9 | 248.62 | OK | |||
r-devel-windows-x86_64 | 1.9 | 55.00 | 117.00 | 172.00 | OK | |
r-patched-linux-x86_64 | 1.9 | 60.69 | 106.53 | 167.22 | OK | |
r-release-linux-x86_64 | 1.9 | 49.13 | 106.02 | 155.15 | OK | |
r-release-macos-arm64 | 1.9 | 75.00 | NOTE | |||
r-release-macos-x86_64 | 1.9 | 112.00 | NOTE | |||
r-release-windows-x86_64 | 1.9 | 71.00 | 143.00 | 214.00 | OK | |
r-oldrel-macos-arm64 | 1.9 | 69.00 | NOTE | |||
r-oldrel-macos-x86_64 | 1.9 | 95.00 | NOTE | |||
r-oldrel-windows-x86_64 | 1.9 | 67.00 | 134.00 | 201.00 | OK |
Version: 1.9
Check: installed package size
Result: NOTE
installed size is 27.3Mb
sub-directories of 1Mb or more:
libs 27.1Mb
Flavors: r-release-macos-arm64, r-release-macos-x86_64, r-oldrel-macos-arm64, r-oldrel-macos-x86_64