Last updated on 2023-12-04 18:52:20 CET.
Flavor | Version | Tinstall | Tcheck | Ttotal | Status | Flags |
---|---|---|---|---|---|---|
r-devel-linux-x86_64-debian-clang | 1.1.6 | 22.44 | 150.67 | 173.11 | NOTE | |
r-devel-linux-x86_64-debian-gcc | 1.1.6 | 16.98 | 109.71 | 126.69 | NOTE | |
r-devel-linux-x86_64-fedora-clang | 1.1.6 | 208.39 | OK | |||
r-devel-linux-x86_64-fedora-gcc | 1.1.6 | 195.17 | OK | |||
r-devel-windows-x86_64 | 1.1.6 | 18.00 | 121.00 | 139.00 | OK | |
r-patched-linux-x86_64 | 1.1.6 | 13.44 | 140.65 | 154.09 | OK | |
r-release-linux-x86_64 | 1.1.6 | 13.39 | 139.93 | 153.32 | OK | |
r-release-macos-arm64 | 1.1.6 | 63.00 | OK | |||
r-release-macos-x86_64 | 1.1.6 | 102.00 | OK | |||
r-release-windows-x86_64 | 1.1.6 | 22.00 | 152.00 | 174.00 | OK | |
r-oldrel-macos-arm64 | 1.1.6 | 62.00 | OK | |||
r-oldrel-macos-x86_64 | 1.1.6 | 83.00 | OK | |||
r-oldrel-windows-x86_64 | 1.1.6 | 24.00 | 153.00 | 177.00 | OK |
Version: 1.1.6
Check: Rd files
Result: NOTE
checkRd: (-1) mod_carga_datos_server.Rd:16: Lost braces; missing escapes or markup?
16 | \item{id}{Internal parameters for {shiny}.}
| ^
checkRd: (-1) mod_carga_datos_ui.Rd:10: Lost braces; missing escapes or markup?
10 | \item{id}{Internal parameters for {shiny}.}
| ^
checkRd: (-1) mod_correlacion_server.Rd:10: Lost braces; missing escapes or markup?
10 | \item{id}{Internal parameters for {shiny}.}
| ^
checkRd: (-1) mod_correlacion_ui.Rd:10: Lost braces; missing escapes or markup?
10 | \item{id}{Internal parameters for {shiny}.}
| ^
checkRd: (-1) mod_dispersion_server.Rd:10: Lost braces; missing escapes or markup?
10 | \item{id}{Internal parameters for {shiny}.}
| ^
checkRd: (-1) mod_dispersion_ui.Rd:10: Lost braces; missing escapes or markup?
10 | \item{id}{Internal parameters for {shiny}.}
| ^
checkRd: (-1) mod_distribuciones_server.Rd:10: Lost braces; missing escapes or markup?
10 | \item{id}{Internal parameters for {shiny}.}
| ^
checkRd: (-1) mod_distribuciones_ui.Rd:10: Lost braces; missing escapes or markup?
10 | \item{id}{Internal parameters for {shiny}.}
| ^
checkRd: (-1) mod_normal_server.Rd:10: Lost braces; missing escapes or markup?
10 | \item{id}{Internal parameters for {shiny}.}
| ^
checkRd: (-1) mod_normal_ui.Rd:10: Lost braces; missing escapes or markup?
10 | \item{id}{Internal parameters for {shiny}.}
| ^
checkRd: (-1) mod_r_numerico_server.Rd:10: Lost braces; missing escapes or markup?
10 | \item{id}{Internal parameters for {shiny}.}
| ^
checkRd: (-1) mod_r_numerico_ui.Rd:10: Lost braces; missing escapes or markup?
10 | \item{id}{Internal parameters for {shiny}.}
| ^
Flavors: r-devel-linux-x86_64-debian-clang, r-devel-linux-x86_64-debian-gcc