Last updated on 2023-09-27 20:05:18 CEST.
Flavor | Version | Tinstall | Tcheck | Ttotal | Status | Flags |
---|---|---|---|---|---|---|
r-devel-linux-x86_64-debian-clang | 0.2.0 | 12.32 | 94.02 | 106.34 | NOTE | |
r-devel-linux-x86_64-debian-gcc | 0.2.0 | 9.11 | 69.81 | 78.92 | NOTE | |
r-devel-linux-x86_64-fedora-clang | 0.2.0 | 121.85 | NOTE | |||
r-devel-linux-x86_64-fedora-gcc | 0.2.0 | 124.14 | NOTE | |||
r-devel-windows-x86_64 | 0.2.0 | 12.00 | 87.00 | 99.00 | NOTE | |
r-patched-linux-x86_64 | 0.2.0 | 8.99 | 89.55 | 98.54 | NOTE | |
r-release-linux-x86_64 | 0.2.0 | 9.06 | 90.92 | 99.98 | NOTE | |
r-release-macos-arm64 | 0.2.0 | 39.00 | NOTE | |||
r-release-macos-x86_64 | 0.2.0 | 61.00 | NOTE | |||
r-release-windows-x86_64 | 0.2.0 | 14.00 | 102.00 | 116.00 | NOTE | |
r-oldrel-macos-arm64 | 0.2.0 | 36.00 | NOTE | |||
r-oldrel-macos-x86_64 | 0.2.0 | 65.00 | NOTE | |||
r-oldrel-windows-x86_64 | 0.2.0 | 17.00 | 104.00 | 121.00 | NOTE |
Version: 0.2.0
Check: LazyData
Result: NOTE
'LazyData' is specified without a 'data' directory
Flavors: r-devel-linux-x86_64-debian-clang, r-devel-linux-x86_64-debian-gcc, r-devel-linux-x86_64-fedora-clang, r-devel-linux-x86_64-fedora-gcc, r-devel-windows-x86_64, r-patched-linux-x86_64, r-release-linux-x86_64, r-release-macos-arm64, r-release-macos-x86_64, r-release-windows-x86_64, r-oldrel-macos-arm64, r-oldrel-macos-x86_64, r-oldrel-windows-x86_64
Version: 0.2.0
Check: dependencies in R code
Result: NOTE
Namespace in Imports field not imported from: ‘shinyjs’
All declared Imports should be used.
Flavors: r-devel-linux-x86_64-fedora-clang, r-devel-linux-x86_64-fedora-gcc, r-oldrel-macos-arm64, r-oldrel-macos-x86_64