CRAN Package Check Results for Package lmerTest

Last updated on 2023-05-28 20:04:01 CEST.

Flavor Version Tinstall Tcheck Ttotal Status Flags
r-devel-linux-x86_64-debian-clang 3.1-3 13.14 284.91 298.05 OK
r-devel-linux-x86_64-debian-gcc 3.1-3 11.76 213.97 225.73 OK
r-devel-linux-x86_64-fedora-clang 3.1-3 364.62 OK
r-devel-linux-x86_64-fedora-gcc 3.1-3 353.74 OK
r-devel-windows-x86_64 3.1-3 13.00 216.00 229.00 OK
r-patched-linux-x86_64 3.1-3 15.55 272.31 287.86 OK
r-release-linux-x86_64 3.1-3 12.36 270.31 282.67 OK
r-release-macos-arm64 3.1-3 108.00 OK
r-release-macos-x86_64 3.1-3 183.00 NOTE
r-release-windows-x86_64 3.1-3 17.00 268.00 285.00 OK
r-oldrel-macos-arm64 3.1-3 98.00 OK
r-oldrel-macos-x86_64 3.1-3 172.00 OK
r-oldrel-windows-x86_64 3.1-3 19.00 267.00 286.00 OK

Check Details

Version: 3.1-3
Check: package dependencies
Result: NOTE
    Package suggested but not available for checking: ‘pbkrtest’
Flavor: r-release-macos-x86_64

Version: 3.1-3
Check: Rd cross-references
Result: NOTE
    Package unavailable to check Rd xrefs: ‘pbkrtest’
Flavor: r-release-macos-x86_64