CRAN Package Check Results for Package lme4

Last updated on 2023-06-05 20:57:42 CEST.

Flavor Version Tinstall Tcheck Ttotal Status Flags
r-devel-linux-x86_64-debian-clang 1.1-33 111.60 602.00 713.60 OK
r-devel-linux-x86_64-debian-gcc 1.1-33 85.78 448.29 534.07 OK
r-devel-linux-x86_64-fedora-clang 1.1-33 894.73 NOTE
r-devel-linux-x86_64-fedora-gcc 1.1-33 914.79 OK
r-devel-windows-x86_64 1.1-33 85.00 412.00 497.00 NOTE
r-patched-linux-x86_64 1.1-33 102.61 570.59 673.20 OK
r-release-linux-x86_64 1.1-33 92.80 563.63 656.43 OK
r-release-macos-arm64 1.1-33 161.00 NOTE
r-release-macos-x86_64 1.1-32 410.00 NOTE
r-release-windows-x86_64 1.1-33 113.00 507.00 620.00 NOTE
r-oldrel-macos-arm64 1.1-33 171.00 NOTE
r-oldrel-macos-x86_64 1.1-33 315.00 NOTE
r-oldrel-windows-x86_64 1.1-33 106.00 485.00 591.00 NOTE

Check Details

Version: 1.1-33
Check: installed package size
Result: NOTE
     installed size is 5.9Mb
     sub-directories of 1Mb or more:
     R 1.5Mb
     doc 1.6Mb
     testdata 1.3Mb
Flavors: r-devel-linux-x86_64-fedora-clang, r-devel-windows-x86_64, r-release-macos-arm64, r-release-windows-x86_64, r-oldrel-macos-arm64, r-oldrel-macos-x86_64, r-oldrel-windows-x86_64

Version: 1.1-32
Check: package dependencies
Result: NOTE
    Packages suggested but not available for checking:
     'MEMSS', 'mlmRev', 'gamm4', 'pbkrtest', 'car', 'rr2', 'semEff',
     'merDeriv'
Flavor: r-release-macos-x86_64

Version: 1.1-32
Check: installed package size
Result: NOTE
     installed size is 25.5Mb
     sub-directories of 1Mb or more:
     R 1.6Mb
     doc 1.6Mb
     libs 20.3Mb
     testdata 1.3Mb
Flavor: r-release-macos-x86_64

Version: 1.1-32
Check: Rd cross-references
Result: NOTE
    Packages unavailable to check Rd xrefs: ‘pbkrtest’, ‘car’
Flavor: r-release-macos-x86_64

Version: 1.1-32
Check: re-building of vignette outputs
Result: NOTE
    Error(s) in re-building vignettes:
     ...
    --- re-building ‘lmerperf.Rmd’ using rmarkdown
    Pandoc is required to build R Markdown vignettes but not available. Please make sure it is installed.
    --- finished re-building ‘lmerperf.Rmd’
    
    --- re-building ‘Theory.Rnw’ using knitr
    --- finished re-building ‘Theory.Rnw’
    
    --- re-building ‘lmer.Rnw’ using knitr
    Quitting from lines 2973-2984 (lmer.Rnw)
    Error: processing vignette 'lmer.Rnw' failed with diagnostics:
    there is no package called 'gamm4'
    --- failed re-building ‘lmer.Rnw’
    
    --- re-building ‘PLSvGLS.Rnw’ using Sweave
    --- finished re-building ‘PLSvGLS.Rnw’
    
    SUMMARY: processing the following file failed:
     ‘lmer.Rnw’
    
    Error: Vignette re-building failed.
    Execution halted
Flavor: r-release-macos-x86_64