Last updated on 2024-03-28 07:52:54 CET.
Flavor | Version | Tinstall | Tcheck | Ttotal | Status | Flags |
---|---|---|---|---|---|---|
r-devel-linux-x86_64-debian-clang | 1.0.0 | 28.49 | 173.14 | 201.63 | NOTE | |
r-devel-linux-x86_64-debian-gcc | 1.0.0 | 23.86 | 127.86 | 151.72 | NOTE | |
r-devel-linux-x86_64-fedora-clang | 1.0.0 | 260.83 | NOTE | |||
r-devel-linux-x86_64-fedora-gcc | 1.0.0 | 248.23 | NOTE | |||
r-devel-windows-x86_64 | 1.0.0 | 20.00 | 120.00 | 140.00 | NOTE | |
r-patched-linux-x86_64 | 1.0.0 | 22.53 | 175.13 | 197.66 | NOTE | |
r-release-linux-x86_64 | 1.0.0 | 21.46 | 174.06 | 195.52 | NOTE | |
r-release-macos-arm64 | 1.0.0 | 50.00 | NOTE | |||
r-release-macos-x86_64 | 1.0.0 | 91.00 | NOTE | |||
r-release-windows-x86_64 | 1.0.0 | 26.00 | 150.00 | 176.00 | NOTE | |
r-oldrel-macos-arm64 | 1.0.0 | 53.00 | OK | |||
r-oldrel-windows-x86_64 | 1.0.0 | 27.00 | 158.00 | 185.00 | OK |
Version: 1.0.0
Check: Rd files
Result: NOTE
checkRd: (-1) MHDI.Rd:23: Escaped LaTeX specials: \&
Flavors: r-devel-linux-x86_64-debian-clang, r-devel-linux-x86_64-debian-gcc, r-devel-linux-x86_64-fedora-clang, r-devel-linux-x86_64-fedora-gcc, r-devel-windows-x86_64, r-patched-linux-x86_64, r-release-linux-x86_64, r-release-macos-arm64, r-release-macos-x86_64, r-release-windows-x86_64