Last updated on 2023-06-02 07:55:26 CEST.
Flavor | Version | Tinstall | Tcheck | Ttotal | Status | Flags |
---|---|---|---|---|---|---|
r-devel-linux-x86_64-debian-clang | 1.0.0 | 15.30 | 134.01 | 149.31 | NOTE | |
r-devel-linux-x86_64-debian-gcc | 1.0.0 | 13.18 | 100.68 | 113.86 | NOTE | |
r-devel-linux-x86_64-fedora-clang | 1.0.0 | 191.14 | NOTE | |||
r-devel-linux-x86_64-fedora-gcc | 1.0.0 | 179.73 | NOTE | |||
r-devel-windows-x86_64 | 1.0.0 | 15.00 | 106.00 | 121.00 | NOTE | |
r-patched-linux-x86_64 | 1.0.0 | NOTE | ||||
r-release-linux-x86_64 | 1.0.0 | 11.64 | 124.60 | 136.24 | NOTE | |
r-release-macos-arm64 | 1.0.0 | 50.00 | NOTE | |||
r-release-macos-x86_64 | 1.0.0 | 91.00 | NOTE | |||
r-release-windows-x86_64 | 1.0.0 | 19.00 | 134.00 | 153.00 | NOTE | |
r-oldrel-macos-arm64 | 1.0.0 | 53.00 | OK | |||
r-oldrel-macos-x86_64 | 1.0.0 | 107.00 | OK | |||
r-oldrel-windows-x86_64 | 1.0.0 | 20.00 | 137.00 | 157.00 | OK |
Version: 1.0.0
Check: Rd files
Result: NOTE
checkRd: (-1) MHDI.Rd:23: Escaped LaTeX specials: \&
Flavors: r-devel-linux-x86_64-debian-clang, r-devel-linux-x86_64-debian-gcc, r-devel-linux-x86_64-fedora-clang, r-devel-linux-x86_64-fedora-gcc, r-devel-windows-x86_64, r-patched-linux-x86_64, r-release-linux-x86_64, r-release-macos-arm64, r-release-macos-x86_64, r-release-windows-x86_64