CRAN Package Check Results for Package linkspotter

Last updated on 2024-02-26 19:50:12 CET.

Flavor Version Tinstall Tcheck Ttotal Status Flags
r-devel-linux-x86_64-debian-clang 1.3.0 9.96 105.49 115.45 NOTE
r-devel-linux-x86_64-debian-gcc 1.3.0 6.98 77.36 84.34 NOTE
r-devel-linux-x86_64-fedora-clang 1.3.0 136.83 NOTE
r-devel-linux-x86_64-fedora-gcc 1.3.0 145.98 NOTE
r-devel-windows-x86_64 1.3.0 10.00 94.00 104.00 NOTE
r-patched-linux-x86_64 1.3.0 6.64 99.23 105.87 NOTE
r-release-linux-x86_64 1.3.0 6.59 97.81 104.40 NOTE
r-release-macos-arm64 1.3.0 44.00 NOTE
r-release-macos-x86_64 1.3.0 82.00 NOTE
r-release-windows-x86_64 1.3.0 14.00 112.00 126.00 NOTE
r-oldrel-macos-arm64 1.3.0 34.00 NOTE
r-oldrel-windows-x86_64 1.3.0 14.00 119.00 133.00 NOTE

Check Details

Version: 1.3.0
Check: LazyData
Result: NOTE 'LazyData' is specified without a 'data' directory Flavors: r-devel-linux-x86_64-debian-clang, r-devel-linux-x86_64-debian-gcc, r-devel-linux-x86_64-fedora-clang, r-devel-linux-x86_64-fedora-gcc, r-devel-windows-x86_64, r-patched-linux-x86_64, r-release-linux-x86_64, r-release-macos-arm64, r-release-macos-x86_64, r-release-windows-x86_64, r-oldrel-macos-arm64, r-oldrel-windows-x86_64