Last updated on 2024-03-28 07:52:53 CET.
Flavor | Version | Tinstall | Tcheck | Ttotal | Status | Flags |
---|---|---|---|---|---|---|
r-devel-linux-x86_64-debian-clang | 1.1.17 | 7.33 | 90.16 | 97.49 | OK | |
r-devel-linux-x86_64-debian-gcc | 1.1.17 | 6.89 | 70.42 | 77.31 | OK | |
r-devel-linux-x86_64-fedora-clang | 1.1.17 | 133.30 | NOTE | |||
r-devel-linux-x86_64-fedora-gcc | 1.1.17 | 139.95 | NOTE | |||
r-devel-windows-x86_64 | 1.1.17 | 9.00 | 107.00 | 116.00 | OK | |
r-patched-linux-x86_64 | 1.1.17 | 13.00 | 85.61 | 98.61 | OK | |
r-release-linux-x86_64 | 1.1.17 | 5.26 | 88.08 | 93.34 | OK | |
r-release-macos-arm64 | 1.1.17 | 62.00 | OK | |||
r-release-macos-x86_64 | 1.1.17 | 111.00 | OK | |||
r-release-windows-x86_64 | 1.1.17 | 12.00 | 122.00 | 134.00 | OK | |
r-oldrel-macos-arm64 | 1.1.17 | 53.00 | OK | |||
r-oldrel-windows-x86_64 | 1.1.17 | 13.00 | 126.00 | 139.00 | OK |
Version: 1.1.17
Check: Rd cross-references
Result: NOTE
Undeclared package ‘magrittr’ in Rd xrefs
Flavor: r-devel-linux-x86_64-fedora-clang
Version: 1.1.17
Check: data for non-ASCII characters
Result: NOTE
Note: found 60798 marked UTF-8 strings
Flavors: r-devel-linux-x86_64-fedora-clang, r-devel-linux-x86_64-fedora-gcc