CRAN Package Check Results for Package linconGaussR

Last updated on 2023-05-31 20:57:12 CEST.

Flavor Version Tinstall Tcheck Ttotal Status Flags
r-devel-linux-x86_64-debian-clang 0.1 34.67 28.24 62.91 NOTE
r-devel-linux-x86_64-debian-gcc 0.1 25.85 22.32 48.17 NOTE
r-devel-linux-x86_64-fedora-clang 0.1 94.84 NOTE
r-devel-linux-x86_64-fedora-gcc 0.1 92.73 NOTE
r-devel-windows-x86_64 0.1 30.00 63.00 93.00 NOTE
r-patched-linux-x86_64 0.1 NOTE
r-release-linux-x86_64 0.1 31.52 27.86 59.38 NOTE
r-release-macos-arm64 0.1 29.00 NOTE
r-release-macos-x86_64 0.1 43.00 NOTE
r-release-windows-x86_64 0.1 39.00 83.00 122.00 NOTE
r-oldrel-macos-arm64 0.1 27.00 OK
r-oldrel-macos-x86_64 0.1 34.00 OK
r-oldrel-windows-x86_64 0.1 37.00 71.00 108.00 OK

Check Details

Version: 0.1
Check: C++ specification
Result: NOTE
     Specified C++11: please drop specification unless essential
Flavors: r-devel-linux-x86_64-debian-clang, r-devel-linux-x86_64-debian-gcc, r-devel-linux-x86_64-fedora-clang, r-devel-linux-x86_64-fedora-gcc, r-devel-windows-x86_64, r-patched-linux-x86_64, r-release-linux-x86_64, r-release-macos-arm64, r-release-macos-x86_64, r-release-windows-x86_64