Last updated on 2023-09-24 20:00:27 CEST.
Flavor | Version | Tinstall | Tcheck | Ttotal | Status | Flags |
---|---|---|---|---|---|---|
r-devel-linux-x86_64-debian-clang | 1.7.0 | 2.93 | 92.23 | 95.16 | OK | |
r-devel-linux-x86_64-debian-gcc | 1.7.0 | 3.66 | 67.28 | 70.94 | OK | |
r-devel-linux-x86_64-fedora-clang | 1.7.0 | 116.82 | NOTE | |||
r-devel-linux-x86_64-fedora-gcc | 1.7.0 | 125.96 | OK | |||
r-devel-windows-x86_64 | 1.7.0 | 6.00 | 100.00 | 106.00 | OK | |
r-patched-linux-x86_64 | 1.7.0 | 5.71 | 86.21 | 91.92 | OK | |
r-release-linux-x86_64 | 1.7.0 | 4.26 | 85.98 | 90.24 | OK | |
r-release-macos-arm64 | 1.7.0 | 50.00 | OK | |||
r-release-macos-x86_64 | 1.7.0 | 77.00 | OK | |||
r-release-windows-x86_64 | 1.7.0 | 8.00 | 113.00 | 121.00 | OK | |
r-oldrel-macos-arm64 | 1.7.0 | 44.00 | OK | |||
r-oldrel-macos-x86_64 | 1.7.0 | 52.00 | OK | |||
r-oldrel-windows-x86_64 | 1.7.0 | 7.00 | 128.00 | 135.00 | OK |
Version: 1.7.0
Check: Rd cross-references
Result: NOTE
Undeclared package ‘future’ in Rd xrefs
Flavor: r-devel-linux-x86_64-fedora-clang