Last updated on 2024-04-19 19:50:17 CEST.
Flavor | Version | Tinstall | Tcheck | Ttotal | Status | Flags |
---|---|---|---|---|---|---|
r-devel-linux-x86_64-debian-clang | 2.0.1 | 38.82 | 170.67 | 209.49 | OK | |
r-devel-linux-x86_64-debian-gcc | 2.0.1 | OK | ||||
r-devel-linux-x86_64-fedora-clang | 2.0.1 | 273.38 | NOTE | |||
r-devel-linux-x86_64-fedora-gcc | 2.0.1 | 261.87 | OK | |||
r-prerel-macos-arm64 | 2.0.1 | 77.00 | NOTE | |||
r-prerel-windows-x86_64 | 2.0.1 | 29.00 | 131.00 | 160.00 | NOTE | |
r-patched-linux-x86_64 | 2.0.1 | 41.82 | 148.79 | 190.61 | OK | |
r-release-linux-x86_64 | 2.0.1 | 33.69 | 150.43 | 184.12 | OK | |
r-release-macos-arm64 | 2.0.1 | 81.00 | NOTE | |||
r-release-macos-x86_64 | 2.0.1 | 139.00 | NOTE | |||
r-release-windows-x86_64 | 2.0.1 | 34.00 | 174.00 | 208.00 | NOTE | |
r-oldrel-macos-arm64 | 2.0.1 | 70.00 | NOTE | |||
r-oldrel-windows-x86_64 | 2.0.1 | 40.00 | 181.00 | 221.00 | NOTE |
Version: 2.0.1
Check: installed package size
Result: NOTE
installed size is 5.7Mb
sub-directories of 1Mb or more:
data 3.3Mb
doc 2.1Mb
Flavors: r-devel-linux-x86_64-fedora-clang, r-prerel-macos-arm64, r-prerel-windows-x86_64, r-release-macos-arm64, r-release-macos-x86_64, r-release-windows-x86_64, r-oldrel-macos-arm64, r-oldrel-windows-x86_64