Last updated on 2024-03-29 07:54:47 CET.
Flavor | Version | Tinstall | Tcheck | Ttotal | Status | Flags |
---|---|---|---|---|---|---|
r-devel-linux-x86_64-debian-clang | 1.0.4 | 3.60 | 53.13 | 56.73 | OK | |
r-devel-linux-x86_64-debian-gcc | 1.0.4 | 2.98 | 40.62 | 43.60 | OK | |
r-devel-linux-x86_64-fedora-clang | 1.0.4 | 77.76 | OK | |||
r-devel-linux-x86_64-fedora-gcc | 1.0.4 | 86.86 | OK | |||
r-devel-windows-x86_64 | 1.0.4 | 3.00 | 5.00 | 8.00 | ERROR | |
r-patched-linux-x86_64 | 1.0.4 | 3.97 | 51.53 | 55.50 | OK | |
r-release-linux-x86_64 | 1.0.4 | 3.26 | 50.75 | 54.01 | OK | |
r-release-macos-arm64 | 1.0.4 | 36.00 | OK | |||
r-release-macos-x86_64 | 1.0.4 | 84.00 | OK | |||
r-release-windows-x86_64 | 1.0.4 | 5.00 | 66.00 | 71.00 | OK | |
r-oldrel-macos-arm64 | 1.0.4 | 30.00 | OK | |||
r-oldrel-windows-x86_64 | 1.0.4 | 6.00 | 70.00 | 76.00 | OK |
Version: 1.0.4
Check: whether package can be installed
Result: ERROR
Installation failed.
Flavor: r-devel-windows-x86_64