Last updated on 2023-05-31 20:57:12 CEST.
Flavor | Version | Tinstall | Tcheck | Ttotal | Status | Flags |
---|---|---|---|---|---|---|
r-devel-linux-x86_64-debian-clang | 4.0.3 | 169.93 | 591.87 | 761.80 | OK | |
r-devel-linux-x86_64-debian-gcc | 4.0.3 | 136.33 | 439.15 | 575.48 | OK | |
r-devel-linux-x86_64-fedora-clang | 4.0.3 | 993.17 | OK | |||
r-devel-linux-x86_64-fedora-gcc | 4.0.3 | 1048.83 | OK | |||
r-devel-windows-x86_64 | 4.0.3 | 123.00 | 420.00 | 543.00 | NOTE | |
r-patched-linux-x86_64 | 4.0.3 | OK | ||||
r-release-linux-x86_64 | 4.0.3 | 142.38 | 555.82 | 698.20 | OK | |
r-release-macos-arm64 | 4.0.3 | 255.00 | NOTE | |||
r-release-macos-x86_64 | 4.0.3 | 438.00 | NOTE | |||
r-release-windows-x86_64 | 4.0.3 | 173.00 | 576.00 | 749.00 | NOTE | |
r-oldrel-macos-arm64 | 4.0.3 | 216.00 | NOTE | |||
r-oldrel-macos-x86_64 | 4.0.3 | 294.00 | NOTE | |||
r-oldrel-windows-x86_64 | 4.0.3 | 163.00 | 551.00 | 714.00 | NOTE |
Version: 4.0.3
Check: installed package size
Result: NOTE
installed size is 5.7Mb
sub-directories of 1Mb or more:
R 1.2Mb
doc 1.0Mb
extdata 1.1Mb
libs 1.7Mb
Flavors: r-devel-windows-x86_64, r-release-macos-arm64, r-release-macos-x86_64, r-release-windows-x86_64, r-oldrel-macos-arm64, r-oldrel-macos-x86_64, r-oldrel-windows-x86_64