Last updated on 2024-03-28 19:48:35 CET.
Flavor | Version | Tinstall | Tcheck | Ttotal | Status | Flags |
---|---|---|---|---|---|---|
r-devel-linux-x86_64-debian-clang | 1.1.6 | 191.39 | 90.83 | 282.22 | NOTE | |
r-devel-linux-x86_64-debian-gcc | 1.1.6 | 136.81 | 69.62 | 206.43 | NOTE | |
r-devel-linux-x86_64-fedora-clang | 1.1.6 | 432.64 | NOTE | |||
r-devel-linux-x86_64-fedora-gcc | 1.1.6 | 395.47 | NOTE | |||
r-devel-windows-x86_64 | 1.1.6 | 136.00 | 106.00 | 242.00 | NOTE | |
r-patched-linux-x86_64 | 1.1.6 | 175.78 | 88.42 | 264.20 | NOTE | |
r-release-linux-x86_64 | 1.1.6 | 182.78 | 85.97 | 268.75 | NOTE | |
r-release-macos-arm64 | 1.1.6 | 132.00 | NOTE | |||
r-release-macos-x86_64 | 1.1.6 | 198.00 | NOTE | |||
r-release-windows-x86_64 | 1.1.6 | 144.00 | 130.00 | 274.00 | NOTE | |
r-oldrel-macos-arm64 | 1.1.6 | 121.00 | OK | |||
r-oldrel-windows-x86_64 | 1.1.6 | 171.00 | 130.00 | 301.00 | OK |
Version: 1.1.6
Check: C++ specification
Result: NOTE
Specified C++11: please drop specification unless essential
Flavors: r-devel-linux-x86_64-debian-clang, r-devel-linux-x86_64-debian-gcc, r-devel-linux-x86_64-fedora-clang, r-devel-linux-x86_64-fedora-gcc, r-devel-windows-x86_64, r-patched-linux-x86_64, r-release-linux-x86_64, r-release-macos-arm64, r-release-macos-x86_64, r-release-windows-x86_64