Last updated on 2024-03-28 07:52:53 CET.
Flavor | Version | Tinstall | Tcheck | Ttotal | Status | Flags |
---|---|---|---|---|---|---|
r-devel-linux-x86_64-debian-clang | 0.0.8 | 13.69 | 53.46 | 67.15 | OK | |
r-devel-linux-x86_64-debian-gcc | 0.0.8 | 12.33 | 40.62 | 52.95 | OK | |
r-devel-linux-x86_64-fedora-clang | 0.0.8 | 87.37 | OK | |||
r-devel-linux-x86_64-fedora-gcc | 0.0.8 | 85.98 | OK | |||
r-devel-windows-x86_64 | 0.0.8 | 14.00 | 73.00 | 87.00 | NOTE | |
r-patched-linux-x86_64 | 0.0.8 | 15.22 | 51.03 | 66.25 | OK | |
r-release-linux-x86_64 | 0.0.8 | 16.74 | 51.95 | 68.69 | OK | |
r-release-macos-arm64 | 0.0.8 | 31.00 | OK | |||
r-release-macos-x86_64 | 0.0.8 | 50.00 | OK | |||
r-release-windows-x86_64 | 0.0.8 | 14.00 | 78.00 | 92.00 | NOTE | |
r-oldrel-macos-arm64 | 0.0.8 | 33.00 | OK | |||
r-oldrel-windows-x86_64 | 0.0.8 | 19.00 | 86.00 | 105.00 | NOTE |
Version: 0.0.8
Check: package dependencies
Result: NOTE
Package suggested but not available for checking: 'rsyslog'
Flavors: r-devel-windows-x86_64, r-release-windows-x86_64, r-oldrel-windows-x86_64