Last updated on 2023-05-29 20:00:27 CEST.
Flavor | Version | Tinstall | Tcheck | Ttotal | Status | Flags |
---|---|---|---|---|---|---|
r-devel-linux-x86_64-debian-clang | 1.2.3 | 512.17 | 229.52 | 741.69 | NOTE | |
r-devel-linux-x86_64-debian-gcc | 1.2.3 | 450.19 | 200.30 | 650.49 | NOTE | |
r-devel-linux-x86_64-fedora-clang | 1.2.3 | 867.97 | NOTE | |||
r-devel-linux-x86_64-fedora-gcc | 1.2.3 | 1169.15 | NOTE | |||
r-devel-windows-x86_64 | 1.2.3 | 372.00 | 224.00 | 596.00 | NOTE | |
r-patched-linux-x86_64 | 1.2.3 | 384.77 | 266.40 | 651.17 | NOTE | |
r-release-linux-x86_64 | 1.2.3 | 361.89 | 265.64 | 627.53 | NOTE | |
r-release-macos-arm64 | 1.2.3 | 253.00 | NOTE | |||
r-release-macos-x86_64 | 1.2.3 | 444.00 | NOTE | |||
r-release-windows-x86_64 | 1.2.3 | 502.00 | 297.00 | 799.00 | NOTE | |
r-oldrel-macos-arm64 | 1.2.3 | 232.00 | NOTE | |||
r-oldrel-macos-x86_64 | 1.2.3 | 310.00 | NOTE | |||
r-oldrel-windows-x86_64 | 1.2.3 | 467.00 | 272.00 | 739.00 | NOTE |
Version: 1.2.3
Check: for GNU extensions in Makefiles
Result: NOTE
GNU make is a SystemRequirements.
Flavors: r-devel-linux-x86_64-debian-clang, r-devel-linux-x86_64-debian-gcc, r-devel-linux-x86_64-fedora-clang, r-devel-linux-x86_64-fedora-gcc, r-devel-windows-x86_64, r-patched-linux-x86_64, r-release-linux-x86_64, r-release-macos-arm64, r-release-macos-x86_64, r-release-windows-x86_64, r-oldrel-macos-arm64, r-oldrel-macos-x86_64, r-oldrel-windows-x86_64
Version: 1.2.3
Check: installed package size
Result: NOTE
installed size is 6.0Mb
sub-directories of 1Mb or more:
libs 4.8Mb
Flavors: r-devel-linux-x86_64-fedora-clang, r-devel-windows-x86_64, r-release-macos-arm64, r-release-macos-x86_64, r-release-windows-x86_64, r-oldrel-macos-arm64, r-oldrel-macos-x86_64, r-oldrel-windows-x86_64