CRAN Package Check Results for Package lest

Last updated on 2023-10-01 19:57:48 CEST.

Flavor Version Tinstall Tcheck Ttotal Status Flags
r-devel-linux-x86_64-debian-clang 1.1.0 3.93 24.66 28.59 NOTE
r-devel-linux-x86_64-debian-gcc 1.1.0 2.85 19.73 22.58 NOTE
r-devel-linux-x86_64-fedora-clang 1.1.0 35.77 NOTE
r-devel-linux-x86_64-fedora-gcc 1.1.0 34.87 NOTE
r-devel-windows-x86_64 1.1.0 7.00 42.00 49.00 NOTE
r-patched-linux-x86_64 1.1.0 3.33 24.64 27.97 NOTE
r-release-linux-x86_64 1.1.0 3.81 24.41 28.22 NOTE
r-release-macos-arm64 1.1.0 17.00 NOTE
r-release-macos-x86_64 1.1.0 24.00 NOTE
r-release-windows-x86_64 1.1.0 7.00 49.00 56.00 NOTE
r-oldrel-macos-arm64 1.1.0 19.00 NOTE
r-oldrel-macos-x86_64 1.1.0 24.00 NOTE
r-oldrel-windows-x86_64 1.1.0 8.00 46.00 54.00 NOTE

Check Details

Version: 1.1.0
Check: LazyData
Result: NOTE
     'LazyData' is specified without a 'data' directory
Flavors: r-devel-linux-x86_64-debian-clang, r-devel-linux-x86_64-debian-gcc, r-devel-linux-x86_64-fedora-clang, r-devel-linux-x86_64-fedora-gcc, r-devel-windows-x86_64, r-patched-linux-x86_64, r-release-linux-x86_64, r-release-macos-arm64, r-release-macos-x86_64, r-release-windows-x86_64, r-oldrel-macos-arm64, r-oldrel-macos-x86_64, r-oldrel-windows-x86_64

Version: 1.1.0
Check: Rd cross-references
Result: NOTE
    Undeclared package ‘MESS’ in Rd xrefs
Flavor: r-devel-linux-x86_64-fedora-clang