Last updated on 2023-06-05 08:53:32 CEST.
Flavor | Version | Tinstall | Tcheck | Ttotal | Status | Flags |
---|---|---|---|---|---|---|
r-devel-linux-x86_64-debian-clang | 0.2 | 35.55 | 34.57 | 70.12 | NOTE | |
r-devel-linux-x86_64-debian-gcc | 0.2 | 24.15 | 27.07 | 51.22 | NOTE | |
r-devel-linux-x86_64-fedora-clang | 0.2 | 99.86 | NOTE | |||
r-devel-linux-x86_64-fedora-gcc | 0.2 | 111.51 | NOTE | |||
r-devel-windows-x86_64 | 0.2 | 30.00 | 71.00 | 101.00 | NOTE | |
r-patched-linux-x86_64 | 0.2 | 26.82 | 33.63 | 60.45 | NOTE | |
r-release-linux-x86_64 | 0.2 | 29.26 | 33.35 | 62.61 | NOTE | |
r-release-macos-arm64 | 0.2 | 38.00 | NOTE | |||
r-release-macos-x86_64 | 0.2 | 57.00 | NOTE | |||
r-release-windows-x86_64 | 0.2 | 36.00 | 79.00 | 115.00 | NOTE | |
r-oldrel-macos-arm64 | 0.2 | 31.00 | OK | |||
r-oldrel-macos-x86_64 | 0.2 | 38.00 | OK | |||
r-oldrel-windows-x86_64 | 0.2 | 36.00 | 79.00 | 115.00 | OK |
Version: 0.2
Check: C++ specification
Result: NOTE
Specified C++11: please drop specification unless essential
Flavors: r-devel-linux-x86_64-debian-clang, r-devel-linux-x86_64-debian-gcc, r-devel-linux-x86_64-fedora-clang, r-devel-linux-x86_64-fedora-gcc, r-devel-windows-x86_64, r-patched-linux-x86_64, r-release-linux-x86_64, r-release-macos-arm64, r-release-macos-x86_64, r-release-windows-x86_64