Last updated on 2024-03-28 19:48:35 CET.
Flavor | Version | Tinstall | Tcheck | Ttotal | Status | Flags |
---|---|---|---|---|---|---|
r-devel-linux-x86_64-debian-clang | 0.4.9 | 8.28 | 192.46 | 200.74 | NOTE | |
r-devel-linux-x86_64-debian-gcc | 0.4.9 | 9.61 | 144.65 | 154.26 | NOTE | |
r-devel-linux-x86_64-fedora-clang | 0.4.9 | 296.34 | NOTE | |||
r-devel-linux-x86_64-fedora-gcc | 0.4.9 | 257.93 | NOTE | |||
r-devel-windows-x86_64 | 0.4.9 | 11.00 | 163.00 | 174.00 | NOTE | |
r-patched-linux-x86_64 | 0.4.9 | 16.26 | 187.72 | 203.98 | NOTE | |
r-release-linux-x86_64 | 0.4.9 | 8.82 | 185.87 | 194.69 | OK | |
r-release-macos-arm64 | 0.4.9 | 88.00 | OK | |||
r-release-macos-x86_64 | 0.4.9 | 177.00 | OK | |||
r-release-windows-x86_64 | 0.4.9 | 15.00 | 196.00 | 211.00 | OK | |
r-oldrel-macos-arm64 | 0.4.9 | 110.00 | OK | |||
r-oldrel-windows-x86_64 | 0.4.9 | 14.00 | 198.00 | 212.00 | OK |
Version: 0.4.9
Check: HTML version of manual
Result: NOTE
Found the following HTML validation problems:
annotate_axis.html:91:1 (annotate_axis.Rd:54): Warning: trimming empty <h3>
Flavors: r-devel-linux-x86_64-debian-clang, r-devel-linux-x86_64-debian-gcc, r-devel-linux-x86_64-fedora-clang, r-devel-linux-x86_64-fedora-gcc, r-devel-windows-x86_64, r-patched-linux-x86_64