Last updated on 2024-04-19 19:50:17 CEST.
Flavor | Version | Tinstall | Tcheck | Ttotal | Status | Flags |
---|---|---|---|---|---|---|
r-devel-linux-x86_64-debian-clang | 1.1.3 | 257.23 | 101.33 | 358.56 | NOTE | |
r-devel-linux-x86_64-debian-gcc | 1.1.3 | NOTE | ||||
r-prerel-macos-arm64 | 1.1.3 | 119.00 | NOTE | |||
r-prerel-macos-x86_64 | 1.1.3 | 148.00 | NOTE | |||
r-prerel-windows-x86_64 | 1.1.3 | 273.00 | 112.00 | 385.00 | NOTE | |
r-patched-linux-x86_64 | 1.1.3 | 260.65 | 98.81 | 359.46 | NOTE | |
r-release-linux-x86_64 | 1.1.3 | 185.59 | 99.40 | 284.99 | NOTE | |
r-release-macos-arm64 | 1.1.3 | 130.00 | NOTE | |||
r-release-macos-x86_64 | 1.1.3 | 142.00 | NOTE | |||
r-release-windows-x86_64 | 1.1.3 | 329.00 | 137.00 | 466.00 | NOTE | |
r-oldrel-macos-arm64 | 1.1.3 | 126.00 | NOTE | |||
r-oldrel-windows-x86_64 | 1.1.3 | 307.00 | 135.00 | 442.00 | NOTE |
Version: 1.1.3
Check: for GNU extensions in Makefiles
Result: NOTE
GNU make is a SystemRequirements.
Flavors: r-devel-linux-x86_64-debian-clang, r-devel-linux-x86_64-debian-gcc, r-prerel-macos-arm64, r-prerel-macos-x86_64, r-prerel-windows-x86_64, r-patched-linux-x86_64, r-release-linux-x86_64, r-release-macos-arm64, r-release-macos-x86_64, r-release-windows-x86_64, r-oldrel-macos-arm64, r-oldrel-windows-x86_64