Last updated on 2023-05-29 08:55:02 CEST.
Flavor | Version | Tinstall | Tcheck | Ttotal | Status | Flags |
---|---|---|---|---|---|---|
r-devel-linux-x86_64-debian-clang | 6.0.5 | 762.97 | 225.75 | 988.72 | OK | |
r-devel-linux-x86_64-debian-gcc | 6.0.5 | 677.81 | 169.90 | 847.71 | OK | |
r-devel-linux-x86_64-fedora-clang | 6.0.5 | 1345.10 | NOTE | |||
r-devel-linux-x86_64-fedora-gcc | 6.0.5 | 2127.04 | OK | |||
r-devel-windows-x86_64 | 6.0.5 | 484.00 | 258.00 | 742.00 | NOTE | |
r-patched-linux-x86_64 | 6.0.5 | 575.27 | 218.96 | 794.23 | OK | |
r-release-linux-x86_64 | 6.0.5 | 571.70 | 216.76 | 788.46 | OK | |
r-release-macos-arm64 | 6.0.5 | 257.00 | NOTE | |||
r-release-macos-x86_64 | 6.0.0 | 592.00 | NOTE | |||
r-release-windows-x86_64 | 6.0.5 | 644.00 | 313.00 | 957.00 | NOTE | |
r-oldrel-macos-arm64 | 6.0.5 | 264.00 | NOTE | |||
r-oldrel-macos-x86_64 | 6.0.5 | 486.00 | NOTE | |||
r-oldrel-windows-x86_64 | 6.0.5 | 474.00 | 276.00 | 750.00 | NOTE |
Version: 6.0.5
Check: installed package size
Result: NOTE
installed size is 12.1Mb
sub-directories of 1Mb or more:
doc 2.5Mb
libs 7.9Mb
Flavors: r-devel-linux-x86_64-fedora-clang, r-devel-windows-x86_64, r-release-macos-arm64, r-release-windows-x86_64, r-oldrel-macos-arm64, r-oldrel-macos-x86_64, r-oldrel-windows-x86_64
Version: 6.0.0
Check: installed package size
Result: NOTE
installed size is 52.3Mb
sub-directories of 1Mb or more:
doc 2.5Mb
libs 48.2Mb
Flavor: r-release-macos-x86_64