Last updated on 2024-04-26 08:55:02 CEST.
Flavor | Version | Tinstall | Tcheck | Ttotal | Status | Flags |
---|---|---|---|---|---|---|
r-devel-linux-x86_64-debian-clang | 0.3.5 | 34.16 | 322.97 | 357.13 | NOTE | |
r-devel-linux-x86_64-debian-gcc | 0.3.5 | 26.41 | 224.52 | 250.93 | NOTE | |
r-devel-linux-x86_64-fedora-clang | 0.3.5 | 427.23 | NOTE | |||
r-devel-linux-x86_64-fedora-gcc | 0.3.5 | 403.22 | NOTE | |||
r-devel-windows-x86_64 | 0.3.5 | 23.00 | 189.00 | 212.00 | NOTE | |
r-patched-linux-x86_64 | 0.3.5 | 27.54 | 302.55 | 330.09 | NOTE | |
r-release-linux-x86_64 | 0.3.5 | 27.09 | 294.22 | 321.31 | NOTE | |
r-release-macos-arm64 | 0.3.5 | 88.00 | NOTE | |||
r-release-windows-x86_64 | 0.3.5 | 22.00 | 192.00 | 214.00 | NOTE | |
r-oldrel-macos-arm64 | 0.3.5 | 109.00 | NOTE | |||
r-oldrel-macos-x86_64 | 0.3.5 | 193.00 | NOTE | |||
r-oldrel-windows-x86_64 | 0.3.5 | 34.00 | 251.00 | 285.00 | NOTE |
Version: 0.3.5
Check: package subdirectories
Result: NOTE
Problems with news in ‘NEWS.md’:
Cannot extract version info from the following section titles:
light.interception.voxels() - This function create the Fraction absorbed incident light
light.interception.raster() - Create a raster of Fraction absorbed incident light
light.incident.voxels() - This function create the Fraction incident light
light.incident.raster() - Create a raster of the Fraction incident light
Flavors: r-devel-linux-x86_64-debian-clang, r-devel-linux-x86_64-debian-gcc, r-devel-linux-x86_64-fedora-clang, r-devel-linux-x86_64-fedora-gcc, r-devel-windows-x86_64, r-patched-linux-x86_64, r-release-linux-x86_64, r-release-macos-arm64, r-release-windows-x86_64, r-oldrel-macos-arm64, r-oldrel-macos-x86_64, r-oldrel-windows-x86_64