Last updated on 2023-09-28 08:58:54 CEST.
Flavor | Version | Tinstall | Tcheck | Ttotal | Status | Flags |
---|---|---|---|---|---|---|
r-devel-linux-x86_64-debian-clang | 0.5.1 | 11.22 | 100.66 | 111.88 | NOTE | |
r-devel-linux-x86_64-debian-gcc | 0.5.1 | 9.77 | 74.37 | 84.14 | NOTE | |
r-devel-linux-x86_64-fedora-clang | 0.5.1 | 134.14 | NOTE | |||
r-devel-linux-x86_64-fedora-gcc | 0.5.1 | 131.68 | NOTE | |||
r-devel-windows-x86_64 | 0.5.1 | 11.00 | 91.00 | 102.00 | NOTE | |
r-patched-linux-x86_64 | 0.5.1 | 10.31 | 96.22 | 106.53 | NOTE | |
r-release-linux-x86_64 | 0.5.1 | 7.37 | 95.61 | 102.98 | NOTE | |
r-release-macos-arm64 | 0.5.1 | 40.00 | NOTE | |||
r-release-macos-x86_64 | 0.5.1 | 63.00 | NOTE | |||
r-release-windows-x86_64 | 0.5.1 | 14.00 | 110.00 | 124.00 | NOTE | |
r-oldrel-macos-arm64 | 0.5.1 | 37.00 | NOTE | |||
r-oldrel-macos-x86_64 | 0.5.1 | 73.00 | NOTE | |||
r-oldrel-windows-x86_64 | 0.5.1 | 15.00 | 106.00 | 121.00 | NOTE |
Version: 0.5.1
Check: LazyData
Result: NOTE
'LazyData' is specified without a 'data' directory
Flavors: r-devel-linux-x86_64-debian-clang, r-devel-linux-x86_64-debian-gcc, r-devel-linux-x86_64-fedora-clang, r-devel-linux-x86_64-fedora-gcc, r-devel-windows-x86_64, r-patched-linux-x86_64, r-release-linux-x86_64, r-release-macos-arm64, r-release-macos-x86_64, r-release-windows-x86_64, r-oldrel-macos-arm64, r-oldrel-macos-x86_64, r-oldrel-windows-x86_64