Last updated on 2023-10-01 08:52:02 CEST.
Flavor | Version | Tinstall | Tcheck | Ttotal | Status | Flags |
---|---|---|---|---|---|---|
r-devel-linux-x86_64-debian-clang | 0.3.2 | 5.28 | 118.46 | 123.74 | OK | |
r-devel-linux-x86_64-debian-gcc | 0.3.2 | 4.02 | 89.26 | 93.28 | OK | |
r-devel-linux-x86_64-fedora-clang | 0.3.2 | 154.57 | NOTE | |||
r-devel-linux-x86_64-fedora-gcc | 0.3.2 | 167.94 | NOTE | |||
r-devel-windows-x86_64 | 0.3.2 | 8.00 | 113.00 | 121.00 | OK | |
r-patched-linux-x86_64 | 0.3.2 | 5.05 | 116.28 | 121.33 | OK | |
r-release-linux-x86_64 | 0.3.2 | 4.05 | 114.88 | 118.93 | OK | |
r-release-macos-arm64 | 0.3.2 | 62.00 | OK | |||
r-release-macos-x86_64 | 0.3.2 | 93.00 | OK | |||
r-release-windows-x86_64 | 0.3.2 | 10.00 | 134.00 | 144.00 | OK | |
r-oldrel-macos-arm64 | 0.3.2 | 35.00 | OK | |||
r-oldrel-macos-x86_64 | 0.3.2 | 64.00 | OK | |||
r-oldrel-windows-x86_64 | 0.3.2 | 9.00 | 137.00 | 146.00 | OK |
Version: 0.3.2
Check: dependencies in R code
Result: NOTE
Namespace in Imports field not imported from: ‘cli’
All declared Imports should be used.
Flavors: r-devel-linux-x86_64-fedora-clang, r-devel-linux-x86_64-fedora-gcc