Last updated on 2023-11-28 07:53:06 CET.
Flavor | Version | Tinstall | Tcheck | Ttotal | Status | Flags |
---|---|---|---|---|---|---|
r-devel-linux-x86_64-debian-clang | 1.1.0 | 41.29 | 43.77 | 85.06 | NOTE | |
r-devel-linux-x86_64-debian-gcc | 1.1.0 | 34.29 | 32.95 | 67.24 | NOTE | |
r-devel-linux-x86_64-fedora-clang | 1.1.0 | 122.98 | NOTE | |||
r-devel-linux-x86_64-fedora-gcc | 1.1.0 | 132.29 | NOTE | |||
r-devel-windows-x86_64 | 1.1.0 | 33.00 | 81.00 | 114.00 | NOTE | |
r-patched-linux-x86_64 | 1.1.0 | 39.29 | 41.60 | 80.89 | NOTE | |
r-release-linux-x86_64 | 1.1.0 | 38.93 | 41.31 | 80.24 | NOTE | |
r-release-macos-arm64 | 1.1.0 | 43.00 | NOTE | |||
r-release-macos-x86_64 | 1.1.0 | 65.00 | NOTE | |||
r-release-windows-x86_64 | 1.1.0 | 35.00 | 89.00 | 124.00 | NOTE | |
r-oldrel-macos-arm64 | 1.1.0 | 37.00 | OK | |||
r-oldrel-macos-x86_64 | 1.1.0 | 46.00 | OK | |||
r-oldrel-windows-x86_64 | 1.1.0 | 46.00 | 87.00 | 133.00 | OK |
Version: 1.1.0
Check: C++ specification
Result: NOTE
Specified C++11: please drop specification unless essential
Flavors: r-devel-linux-x86_64-debian-clang, r-devel-linux-x86_64-debian-gcc, r-devel-linux-x86_64-fedora-clang, r-devel-linux-x86_64-fedora-gcc, r-devel-windows-x86_64, r-patched-linux-x86_64, r-release-linux-x86_64, r-release-macos-arm64, r-release-macos-x86_64, r-release-windows-x86_64