Last updated on 2023-10-02 20:12:03 CEST.
Flavor | Version | Tinstall | Tcheck | Ttotal | Status | Flags |
---|---|---|---|---|---|---|
r-devel-linux-x86_64-debian-clang | 0.1.8 | 3.18 | 97.55 | 100.73 | OK | |
r-devel-linux-x86_64-debian-gcc | 0.1.8 | 2.91 | 77.97 | 80.88 | OK | |
r-devel-linux-x86_64-fedora-clang | 0.1.8 | 138.24 | OK | |||
r-devel-linux-x86_64-fedora-gcc | 0.1.8 | 137.21 | OK | |||
r-devel-windows-x86_64 | 0.1.8 | 6.00 | 101.00 | 107.00 | OK | |
r-patched-linux-x86_64 | 0.1.8 | 3.86 | 61.20 | 65.06 | NOTE | |
r-release-linux-x86_64 | 0.1.8 | 2.76 | 100.33 | 103.09 | OK | |
r-release-macos-arm64 | 0.1.8 | 44.00 | OK | |||
r-release-macos-x86_64 | 0.1.8 | 127.00 | OK | |||
r-release-windows-x86_64 | 0.1.8 | 11.00 | 120.00 | 131.00 | OK | |
r-oldrel-macos-arm64 | 0.1.8 | 40.00 | OK | |||
r-oldrel-macos-x86_64 | 0.1.8 | 57.00 | OK | |||
r-oldrel-windows-x86_64 | 0.1.8 | 8.00 | 123.00 | 131.00 | OK |
Version: 0.1.8
Check: package dependencies
Result: NOTE
Package suggested but not available for checking: ‘tidySEM’
Flavor: r-patched-linux-x86_64