Last updated on 2023-09-28 19:59:44 CEST.
Flavor | Version | Tinstall | Tcheck | Ttotal | Status | Flags |
---|---|---|---|---|---|---|
r-devel-linux-x86_64-debian-clang | 1.2 | 19.07 | 165.00 | 184.07 | NOTE | |
r-devel-linux-x86_64-debian-gcc | 1.2 | 16.87 | 121.27 | 138.14 | NOTE | |
r-devel-linux-x86_64-fedora-clang | 1.2 | 232.13 | NOTE | |||
r-devel-linux-x86_64-fedora-gcc | 1.2 | 232.00 | NOTE | |||
r-devel-windows-x86_64 | 1.2 | 19.00 | 121.00 | 140.00 | NOTE | |
r-patched-linux-x86_64 | 1.2 | 18.14 | 153.02 | 171.16 | NOTE | |
r-release-linux-x86_64 | 1.2 | 15.39 | 156.08 | 171.47 | NOTE | |
r-release-macos-arm64 | 1.2 | 67.00 | NOTE | |||
r-release-macos-x86_64 | 1.2 | 109.00 | NOTE | |||
r-release-windows-x86_64 | 1.2 | 24.00 | 149.00 | 173.00 | NOTE | |
r-oldrel-macos-arm64 | 1.2 | 60.00 | NOTE | |||
r-oldrel-macos-x86_64 | 1.2 | 107.00 | NOTE | |||
r-oldrel-windows-x86_64 | 1.2 | 24.00 | 157.00 | 181.00 | NOTE |
Version: 1.2
Check: LazyData
Result: NOTE
'LazyData' is specified without a 'data' directory
Flavors: r-devel-linux-x86_64-debian-clang, r-devel-linux-x86_64-debian-gcc, r-devel-linux-x86_64-fedora-clang, r-devel-linux-x86_64-fedora-gcc, r-devel-windows-x86_64, r-patched-linux-x86_64, r-release-linux-x86_64, r-release-macos-arm64, r-release-macos-x86_64, r-release-windows-x86_64, r-oldrel-macos-arm64, r-oldrel-macos-x86_64, r-oldrel-windows-x86_64