Last updated on 2024-03-29 07:54:47 CET.
Flavor | Version | Tinstall | Tcheck | Ttotal | Status | Flags |
---|---|---|---|---|---|---|
r-devel-linux-x86_64-debian-clang | 1.4.0 | 101.67 | 223.21 | 324.88 | OK | |
r-devel-linux-x86_64-debian-gcc | 1.4.0 | 77.64 | 165.28 | 242.92 | OK | |
r-devel-linux-x86_64-fedora-clang | 1.4.0 | 482.06 | OK | |||
r-devel-linux-x86_64-fedora-gcc | 1.4.0 | 449.85 | OK | |||
r-devel-windows-x86_64 | 1.4.0 | 78.00 | 227.00 | 305.00 | NOTE | |
r-patched-linux-x86_64 | 1.4.0 | 72.89 | 218.54 | 291.43 | OK | |
r-release-linux-x86_64 | 1.4.0 | 70.14 | 222.74 | 292.88 | OK | |
r-release-macos-arm64 | 1.4.0 | 139.00 | NOTE | |||
r-release-macos-x86_64 | 1.4.0 | 250.00 | NOTE | |||
r-release-windows-x86_64 | 1.4.0 | 103.00 | 271.00 | 374.00 | NOTE | |
r-oldrel-macos-arm64 | 1.4.0 | 114.00 | NOTE | |||
r-oldrel-windows-x86_64 | 1.4.0 | 98.00 | 258.00 | 356.00 | NOTE |
Version: 1.4.0
Check: installed package size
Result: NOTE
installed size is 5.7Mb
sub-directories of 1Mb or more:
doc 1.8Mb
libs 1.7Mb
Flavors: r-devel-windows-x86_64, r-release-macos-arm64, r-release-macos-x86_64, r-release-windows-x86_64, r-oldrel-macos-arm64, r-oldrel-windows-x86_64