Last updated on 2023-06-04 08:57:13 CEST.
Flavor | Version | Tinstall | Tcheck | Ttotal | Status | Flags |
---|---|---|---|---|---|---|
r-devel-linux-x86_64-debian-clang | 1.5.6 | 187.79 | 621.61 | 809.40 | OK | |
r-devel-linux-x86_64-debian-gcc | 1.5.6 | 139.48 | 472.26 | 611.74 | OK | |
r-devel-linux-x86_64-fedora-clang | 1.5.6 | 1041.88 | OK | |||
r-devel-linux-x86_64-fedora-gcc | 1.5.6 | 1097.28 | OK | |||
r-devel-windows-x86_64 | 1.5.6 | 143.00 | 493.00 | 636.00 | OK | |
r-patched-linux-x86_64 | 1.5.6 | 157.31 | 593.26 | 750.57 | OK | |
r-release-linux-x86_64 | 1.5.6 | 150.81 | 595.76 | 746.57 | OK | |
r-release-macos-arm64 | 1.5.6 | 267.00 | NOTE | |||
r-release-macos-x86_64 | 1.5.6 | 486.00 | NOTE | |||
r-release-windows-x86_64 | 1.5.6 | 180.00 | 657.00 | 837.00 | OK | |
r-oldrel-macos-arm64 | 1.5.6 | 181.00 | NOTE | |||
r-oldrel-macos-x86_64 | 1.5.6 | 298.00 | NOTE | |||
r-oldrel-windows-x86_64 | 1.5.6 | 176.00 | 599.00 | 775.00 | OK |
Version: 1.5.6
Check: installed package size
Result: NOTE
installed size is 5.4Mb
sub-directories of 1Mb or more:
libs 3.7Mb
Flavors: r-release-macos-arm64, r-release-macos-x86_64, r-oldrel-macos-arm64, r-oldrel-macos-x86_64