Last updated on 2024-04-23 07:51:08 CEST.
Flavor | Version | Tinstall | Tcheck | Ttotal | Status | Flags |
---|---|---|---|---|---|---|
r-devel-linux-x86_64-debian-clang | 2.1.1 | 168.80 | 294.55 | 463.35 | OK | |
r-devel-linux-x86_64-debian-gcc | 2.1.1 | 123.29 | 207.81 | 331.10 | OK | |
r-devel-linux-x86_64-fedora-clang | 2.1.1 | 610.68 | OK | |||
r-devel-linux-x86_64-fedora-gcc | 2.1.1 | 596.80 | OK | |||
r-prerel-macos-arm64 | 2.1.1 | 132.00 | NOTE | |||
r-prerel-windows-x86_64 | 2.1.1 | 125.00 | 288.00 | 413.00 | OK | |
r-patched-linux-x86_64 | 2.1.1 | 168.06 | 279.24 | 447.30 | OK | |
r-release-linux-x86_64 | 2.1.1 | 160.37 | 279.82 | 440.19 | OK | |
r-release-macos-arm64 | 2.1.1 | 147.00 | NOTE | |||
r-release-macos-x86_64 | 2.1.1 | 259.00 | NOTE | |||
r-release-windows-x86_64 | 2.1.1 | 155.00 | 349.00 | 504.00 | OK | |
r-oldrel-macos-arm64 | 2.1.1 | 144.00 | NOTE | |||
r-oldrel-windows-x86_64 | 2.1.1 | 154.00 | 309.00 | 463.00 | OK |
Version: 2.1.1
Check: installed package size
Result: NOTE
installed size is 5.2Mb
sub-directories of 1Mb or more:
libs 3.5Mb
Flavors: r-prerel-macos-arm64, r-release-macos-arm64, r-release-macos-x86_64, r-oldrel-macos-arm64