Last updated on 2023-09-28 08:58:54 CEST.
Flavor | Version | Tinstall | Tcheck | Ttotal | Status | Flags |
---|---|---|---|---|---|---|
r-devel-linux-x86_64-debian-clang | 1.1-5 | 9.05 | 204.30 | 213.35 | OK | |
r-devel-linux-x86_64-debian-gcc | 1.1-5 | 8.47 | 154.01 | 162.48 | OK | |
r-devel-linux-x86_64-fedora-clang | 1.1-5 | 256.84 | OK | |||
r-devel-linux-x86_64-fedora-gcc | 1.1-5 | 286.36 | OK | |||
r-devel-windows-x86_64 | 1.1-5 | 12.00 | 242.00 | 254.00 | OK | |
r-patched-linux-x86_64 | 1.1-5 | 14.56 | 202.65 | 217.21 | OK | |
r-release-linux-x86_64 | 1.1-5 | 7.42 | 204.54 | 211.96 | OK | |
r-release-macos-arm64 | 1.1-5 | 102.00 | OK | |||
r-release-macos-x86_64 | 1.1-5 | 164.00 | NOTE | |||
r-release-windows-x86_64 | 1.1-5 | 15.00 | 245.00 | 260.00 | OK | |
r-oldrel-macos-arm64 | 1.1-5 | 74.00 | OK | |||
r-oldrel-macos-x86_64 | 1.1-5 | 135.00 | OK | |||
r-oldrel-windows-x86_64 | 1.1-5 | 15.00 | 244.00 | 259.00 | OK |
Version: 1.1-5
Check: package dependencies
Result: NOTE
Packages suggested but not available for checking: 'envi', 'terra'
Flavor: r-release-macos-x86_64