Last updated on 2023-09-22 19:54:35 CEST.
Flavor | Version | Tinstall | Tcheck | Ttotal | Status | Flags |
---|---|---|---|---|---|---|
r-devel-linux-x86_64-debian-clang | 1.0.1 | 40.73 | 187.44 | 228.17 | OK | |
r-devel-linux-x86_64-debian-gcc | 1.0.1 | 50.93 | 138.18 | 189.11 | OK | |
r-devel-linux-x86_64-fedora-clang | 1.0.1 | 285.89 | OK | |||
r-devel-linux-x86_64-fedora-gcc | 1.0.1 | 280.29 | OK | |||
r-devel-windows-x86_64 | 1.0.1 | 70.00 | 170.00 | 240.00 | OK | |
r-patched-linux-x86_64 | 1.0.1 | 40.25 | 176.86 | 217.11 | OK | |
r-release-linux-x86_64 | 1.0.1 | 45.21 | 179.71 | 224.92 | OK | |
r-release-macos-arm64 | 1.0.1 | 154.00 | NOTE | |||
r-release-macos-x86_64 | 1.0.1 | 203.00 | NOTE | |||
r-release-windows-x86_64 | 1.0.1 | 43.00 | 203.00 | 246.00 | OK | |
r-oldrel-macos-arm64 | 1.0.1 | 142.00 | NOTE | |||
r-oldrel-macos-x86_64 | 1.0.1 | 152.00 | OK | |||
r-oldrel-windows-x86_64 | 1.0.1 | 43.00 | 195.00 | 238.00 | OK |
Version: 1.0.1
Check: installed package size
Result: NOTE
installed size is 5.4Mb
sub-directories of 1Mb or more:
R 5.2Mb
Flavors: r-release-macos-arm64, r-release-macos-x86_64, r-oldrel-macos-arm64