Last updated on 2024-04-26 08:55:01 CEST.
Flavor | Version | Tinstall | Tcheck | Ttotal | Status | Flags |
---|---|---|---|---|---|---|
r-devel-linux-x86_64-debian-clang | 0.99.6 | 43.66 | 142.67 | 186.33 | NOTE | |
r-devel-linux-x86_64-debian-gcc | 0.99.6 | 35.09 | 101.95 | 137.04 | NOTE | |
r-devel-linux-x86_64-fedora-clang | 0.99.6 | 244.90 | NOTE | |||
r-devel-linux-x86_64-fedora-gcc | 0.99.6 | 231.79 | NOTE | |||
r-devel-windows-x86_64 | 0.99.6 | 35.00 | 127.00 | 162.00 | NOTE | |
r-patched-linux-x86_64 | 0.99.6 | 31.32 | 135.62 | 166.94 | NOTE | |
r-release-linux-x86_64 | 0.99.6 | 30.25 | 133.69 | 163.94 | OK | |
r-release-macos-arm64 | 0.99.6 | 56.00 | NOTE | |||
r-release-windows-x86_64 | 0.99.6 | 37.00 | 129.00 | 166.00 | NOTE | |
r-oldrel-macos-arm64 | 0.99.6 | 67.00 | OK | |||
r-oldrel-macos-x86_64 | 0.99.6 | 111.00 | OK | |||
r-oldrel-windows-x86_64 | 0.99.6 | 50.00 | 161.00 | 211.00 | OK |
Version: 0.99.6
Check: Rd files
Result: NOTE
checkRd: (-1) CreateDataSet.Rd:23: Lost braces in \itemize; \value handles \item{}{} directly
checkRd: (-1) CreateDataSet.Rd:24: Lost braces in \itemize; \value handles \item{}{} directly
checkRd: (-1) CreateDataSet.Rd:25: Lost braces in \itemize; \value handles \item{}{} directly
checkRd: (-1) FindElement.Rd:21: Lost braces in \itemize; \value handles \item{}{} directly
checkRd: (-1) FindElement.Rd:22: Lost braces in \itemize; \value handles \item{}{} directly
checkRd: (-1) FindNbrClusters.Rd:21: Lost braces in \itemize; \value handles \item{}{} directly
checkRd: (-1) FindNbrClusters.Rd:22: Lost braces in \itemize; \value handles \item{}{} directly
checkRd: (-1) FindStructure.Rd:15: Lost braces in \itemize; \value handles \item{}{} directly
checkRd: (-1) FindStructure.Rd:16: Lost braces in \itemize; \value handles \item{}{} directly
checkRd: (-1) l1_spectralclustering.Rd:32: Lost braces in \itemize; \value handles \item{}{} directly
checkRd: (-1) l1_spectralclustering.Rd:33: Lost braces in \itemize; \value handles \item{}{} directly
checkRd: (-1) l1_spectralclustering.Rd:34: Lost braces in \itemize; \value handles \item{}{} directly
checkRd: (-1) l1_spectralclustering.Rd:35: Lost braces in \itemize; \value handles \item{}{} directly
Flavors: r-devel-linux-x86_64-debian-clang, r-devel-linux-x86_64-debian-gcc, r-devel-linux-x86_64-fedora-clang, r-devel-linux-x86_64-fedora-gcc, r-devel-windows-x86_64, r-patched-linux-x86_64, r-release-macos-arm64, r-release-windows-x86_64