Last updated on 2024-03-18 18:50:23 CET.
Flavor | Version | Tinstall | Tcheck | Ttotal | Status | Flags |
---|---|---|---|---|---|---|
r-devel-linux-x86_64-debian-clang | 0.1.6 | 29.78 | 31.55 | 61.33 | NOTE | |
r-devel-linux-x86_64-debian-gcc | 0.1.6 | 30.31 | 24.51 | 54.82 | NOTE | |
r-devel-linux-x86_64-fedora-clang | 0.1.6 | 101.89 | NOTE | |||
r-devel-linux-x86_64-fedora-gcc | 0.1.6 | 95.38 | NOTE | |||
r-devel-windows-x86_64 | 0.1.6 | 29.00 | 67.00 | 96.00 | NOTE | |
r-patched-linux-x86_64 | 0.1.6 | 37.12 | 31.02 | 68.14 | NOTE | |
r-release-linux-x86_64 | 0.1.6 | 38.94 | 31.23 | 70.17 | NOTE | |
r-release-macos-arm64 | 0.1.6 | 30.00 | NOTE | |||
r-release-macos-x86_64 | 0.1.6 | 44.00 | NOTE | |||
r-release-windows-x86_64 | 0.1.6 | 36.00 | 71.00 | 107.00 | NOTE | |
r-oldrel-macos-arm64 | 0.1.6 | 28.00 | NOTE | |||
r-oldrel-windows-x86_64 | 0.1.6 | 37.00 | 69.00 | 106.00 | NOTE |
Version: 0.1.6
Check: LazyData
Result: NOTE
'LazyData' is specified without a 'data' directory
Flavors: r-devel-linux-x86_64-debian-clang, r-devel-linux-x86_64-debian-gcc, r-devel-linux-x86_64-fedora-clang, r-devel-linux-x86_64-fedora-gcc, r-devel-windows-x86_64, r-patched-linux-x86_64, r-release-linux-x86_64, r-release-macos-arm64, r-release-macos-x86_64, r-release-windows-x86_64, r-oldrel-macos-arm64, r-oldrel-windows-x86_64