Last updated on 2024-03-29 07:54:46 CET.
Flavor | Version | Tinstall | Tcheck | Ttotal | Status | Flags |
---|---|---|---|---|---|---|
r-devel-linux-x86_64-debian-clang | 1.0 | 47.02 | 68.58 | 115.60 | NOTE | |
r-devel-linux-x86_64-debian-gcc | 1.0 | 34.29 | 52.17 | 86.46 | NOTE | |
r-devel-linux-x86_64-fedora-clang | 1.0 | 156.98 | NOTE | |||
r-devel-linux-x86_64-fedora-gcc | 1.0 | 154.13 | NOTE | |||
r-devel-windows-x86_64 | 1.0 | 33.00 | 83.00 | 116.00 | NOTE | |
r-patched-linux-x86_64 | 1.0 | 43.44 | 64.75 | 108.19 | NOTE | |
r-release-linux-x86_64 | 1.0 | 43.14 | 69.56 | 112.70 | NOTE | |
r-release-macos-arm64 | 1.0 | 44.00 | NOTE | |||
r-release-macos-x86_64 | 1.0 | 72.00 | NOTE | |||
r-release-windows-x86_64 | 1.0 | 43.00 | 103.00 | 146.00 | NOTE | |
r-oldrel-macos-arm64 | 1.0 | 42.00 | OK | |||
r-oldrel-windows-x86_64 | 1.0 | 41.00 | 103.00 | 144.00 | OK |
Version: 1.0
Check: C++ specification
Result: NOTE
Specified C++11: please drop specification unless essential
Flavors: r-devel-linux-x86_64-debian-clang, r-devel-linux-x86_64-debian-gcc, r-devel-linux-x86_64-fedora-clang, r-devel-linux-x86_64-fedora-gcc, r-devel-windows-x86_64, r-patched-linux-x86_64, r-release-linux-x86_64, r-release-macos-arm64, r-release-macos-x86_64, r-release-windows-x86_64