Last updated on 2024-03-28 19:48:35 CET.
Flavor | Version | Tinstall | Tcheck | Ttotal | Status | Flags |
---|---|---|---|---|---|---|
r-devel-linux-x86_64-debian-clang | 2.4.6.1 | 11.62 | 71.77 | 83.39 | OK | |
r-devel-linux-x86_64-debian-gcc | 2.4.6.1 | 8.57 | 53.54 | 62.11 | OK | |
r-devel-linux-x86_64-fedora-clang | 2.4.6.1 | 101.83 | NOTE | |||
r-devel-linux-x86_64-fedora-gcc | 2.4.6.1 | 99.72 | OK | |||
r-devel-windows-x86_64 | 2.4.6.1 | 11.00 | 73.00 | 84.00 | OK | |
r-patched-linux-x86_64 | 2.4.6.1 | 15.62 | 69.66 | 85.28 | OK | |
r-release-linux-x86_64 | 2.4.6.1 | 6.32 | 64.63 | 70.95 | OK | |
r-release-macos-arm64 | 2.4.6.1 | 40.00 | OK | |||
r-release-macos-x86_64 | 2.4.6.1 | 69.00 | OK | |||
r-release-windows-x86_64 | 2.4.6.1 | 13.00 | 78.00 | 91.00 | OK | |
r-oldrel-macos-arm64 | 2.4.6.1 | 75.00 | OK | |||
r-oldrel-windows-x86_64 | 2.4.6.1 | 16.00 | 86.00 | 102.00 | OK |
Version: 2.4.6.1
Check: Rd cross-references
Result: NOTE
Undeclared package ‘kml3d’ in Rd xrefs
Flavor: r-devel-linux-x86_64-fedora-clang