CRAN Package Check Results for Package kinship2

Last updated on 2024-07-13 19:54:04 CEST.

Flavor Version Tinstall Tcheck Ttotal Status Flags
r-devel-linux-x86_64-debian-clang 1.9.6.1 11.38 117.39 128.77 OK
r-devel-linux-x86_64-debian-gcc 1.9.6.1 10.22 87.40 97.62 OK
r-devel-linux-x86_64-fedora-clang 1.9.6.1 161.16 OK
r-devel-linux-x86_64-fedora-gcc 1.9.6.1 179.10 OK
r-devel-windows-x86_64 1.9.6.1 10.00 110.00 120.00 NOTE
r-patched-linux-x86_64 1.9.6.1 8.60 113.14 121.74 OK
r-release-linux-x86_64 1.9.6.1 11.02 106.65 117.67 OK
r-release-macos-arm64 1.9.6.1 60.00 OK
r-release-macos-x86_64 1.9.6.1 108.00 OK
r-release-windows-x86_64 1.9.6.1 11.00 110.00 121.00 OK
r-oldrel-macos-arm64 1.9.6.1 66.00 OK
r-oldrel-macos-x86_64 1.9.6.1 176.00 OK
r-oldrel-windows-x86_64 1.9.6.1 13.00 127.00 140.00 OK

Check Details

Version: 1.9.6.1
Check: Rd cross-references
Result: NOTE Found the following Rd file(s) with Rd \link{} targets missing package anchors: ibdMatrix.Rd: Matrix Please provide package anchors for all Rd \link{} targets not in the package itself and the base packages. Flavor: r-devel-windows-x86_64