Last updated on 2024-04-18 08:54:34 CEST.
Flavor | Version | Tinstall | Tcheck | Ttotal | Status | Flags |
---|---|---|---|---|---|---|
r-devel-linux-x86_64-debian-clang | 0.9-32 | 59.25 | 186.96 | 246.21 | NOTE | |
r-devel-linux-x86_64-debian-gcc | 0.9-32 | 38.13 | 140.29 | 178.42 | NOTE | |
r-devel-linux-x86_64-fedora-clang | 0.9-32 | 333.50 | NOTE | |||
r-devel-linux-x86_64-fedora-gcc | 0.9-32 | 318.73 | NOTE | |||
r-prerel-macos-arm64 | 0.9-32 | 84.00 | NOTE | |||
r-prerel-windows-x86_64 | 0.9-32 | 61.00 | 193.00 | 254.00 | NOTE | |
r-patched-linux-x86_64 | 0.9-32 | 57.53 | 187.85 | 245.38 | NOTE | |
r-release-linux-x86_64 | 0.9-32 | 57.12 | 190.56 | 247.68 | OK | |
r-release-macos-arm64 | 0.9-32 | 101.00 | OK | |||
r-release-macos-x86_64 | 0.9-32 | 168.00 | OK | |||
r-release-windows-x86_64 | 0.9-32 | 60.00 | 229.00 | 289.00 | OK | |
r-oldrel-macos-arm64 | 0.9-32 | 83.00 | OK | |||
r-oldrel-windows-x86_64 | 0.9-32 | 238.00 | 266.00 | 504.00 | OK |
Version: 0.9-32
Check: Rd files
Result: NOTE
checkRd: (-1) ipop-class.Rd:28: Lost braces
28 | \item{primal}{Object of class \code{ipop}}{Return the primal of the problem}
| ^
checkRd: (-1) ipop-class.Rd:29: Lost braces
29 | \item{dual}{Object of class \code{ipop}}{Return the dual of the problem}
| ^
checkRd: (-1) ipop-class.Rd:30: Lost braces
30 | \item{how}{Object of class \code{ipop}}{Return information on convergence}
| ^
Flavors: r-devel-linux-x86_64-debian-clang, r-devel-linux-x86_64-debian-gcc, r-devel-linux-x86_64-fedora-clang, r-devel-linux-x86_64-fedora-gcc, r-prerel-macos-arm64, r-prerel-windows-x86_64, r-patched-linux-x86_64