CRAN Package Check Results for Package kde1d

Last updated on 2023-09-20 19:54:46 CEST.

Flavor Version Tinstall Tcheck Ttotal Status Flags
r-devel-linux-x86_64-debian-clang 1.0.5 47.80 33.24 81.04 NOTE
r-devel-linux-x86_64-debian-gcc 1.0.5 35.97 26.51 62.48 NOTE
r-devel-linux-x86_64-fedora-clang 1.0.5 107.89 NOTE
r-devel-linux-x86_64-fedora-gcc 1.0.5 114.15 NOTE
r-devel-windows-x86_64 1.0.5 35.00 69.00 104.00 NOTE
r-patched-linux-x86_64 1.0.5 42.90 33.56 76.46 NOTE
r-release-linux-x86_64 1.0.5 51.11 33.80 84.91 NOTE
r-release-macos-arm64 1.0.5 39.00 NOTE
r-release-macos-x86_64 1.0.5 57.00 NOTE
r-release-windows-x86_64 1.0.5 47.00 76.00 123.00 NOTE
r-oldrel-macos-arm64 1.0.5 36.00 NOTE
r-oldrel-macos-x86_64 1.0.5 47.00 NOTE
r-oldrel-windows-x86_64 1.0.5 45.00 74.00 119.00 OK

Check Details

Version: 1.0.5
Check: C++ specification
Result: NOTE
     Specified C++11: please drop specification unless essential
Flavors: r-devel-linux-x86_64-debian-clang, r-devel-linux-x86_64-debian-gcc, r-devel-linux-x86_64-fedora-clang, r-devel-linux-x86_64-fedora-gcc, r-devel-windows-x86_64, r-patched-linux-x86_64, r-release-linux-x86_64, r-release-macos-arm64, r-release-macos-x86_64, r-release-windows-x86_64

Version: 1.0.5
Check: installed package size
Result: NOTE
     installed size is 16.0Mb
     sub-directories of 1Mb or more:
     libs 15.8Mb
Flavors: r-release-macos-arm64, r-release-macos-x86_64, r-oldrel-macos-arm64, r-oldrel-macos-x86_64