Last updated on 2023-12-09 18:54:20 CET.
Flavor | Version | Tinstall | Tcheck | Ttotal | Status | Flags |
---|---|---|---|---|---|---|
r-devel-linux-x86_64-debian-clang | 0.2.6 | 4.93 | 96.83 | 101.76 | OK | |
r-devel-linux-x86_64-debian-gcc | 0.2.6 | 5.28 | 72.28 | 77.56 | OK | |
r-devel-linux-x86_64-fedora-clang | 0.2.6 | 125.10 | NOTE | |||
r-devel-linux-x86_64-fedora-gcc | 0.2.6 | 133.83 | OK | |||
r-devel-windows-x86_64 | 0.2.6 | 7.00 | 91.00 | 98.00 | OK | |
r-patched-linux-x86_64 | 0.2.6 | 5.39 | 95.61 | 101.00 | OK | |
r-release-linux-x86_64 | 0.2.6 | 4.54 | 92.48 | 97.02 | OK | |
r-release-macos-arm64 | 0.2.6 | 44.00 | OK | |||
r-release-macos-x86_64 | 0.2.6 | 82.00 | OK | |||
r-release-windows-x86_64 | 0.2.6 | 8.00 | 111.00 | 119.00 | OK | |
r-oldrel-macos-arm64 | 0.2.6 | 37.00 | OK | |||
r-oldrel-macos-x86_64 | 0.2.6 | 54.00 | OK | |||
r-oldrel-windows-x86_64 | 0.2.6 | 10.00 | 109.00 | 119.00 | OK |
Version: 0.2.6
Check: Rd cross-references
Result: NOTE
Undeclared package ‘ggplot2’ in Rd xrefs
Flavor: r-devel-linux-x86_64-fedora-clang