Last updated on 2024-03-29 07:54:46 CET.
Flavor | Version | Tinstall | Tcheck | Ttotal | Status | Flags |
---|---|---|---|---|---|---|
r-devel-linux-x86_64-debian-clang | 0.8.4 | 81.99 | 51.40 | 133.39 | NOTE | |
r-devel-linux-x86_64-debian-gcc | 0.8.4 | 67.67 | 39.21 | 106.88 | NOTE | |
r-devel-linux-x86_64-fedora-clang | 0.8.4 | 192.93 | NOTE | |||
r-devel-linux-x86_64-fedora-gcc | 0.8.4 | 199.79 | NOTE | |||
r-devel-windows-x86_64 | 0.8.4 | 65.00 | 85.00 | 150.00 | NOTE | |
r-patched-linux-x86_64 | 0.8.4 | 84.45 | 51.00 | 135.45 | NOTE | |
r-release-linux-x86_64 | 0.8.4 | 80.52 | 48.85 | 129.37 | NOTE | |
r-release-macos-arm64 | 0.8.4 | 54.00 | NOTE | |||
r-release-macos-x86_64 | 0.8.4 | 81.00 | NOTE | |||
r-release-windows-x86_64 | 0.8.4 | 77.00 | 94.00 | 171.00 | NOTE | |
r-oldrel-macos-arm64 | 0.8.4 | 48.00 | OK | |||
r-oldrel-windows-x86_64 | 0.8.4 | 76.00 | 87.00 | 163.00 | OK |
Version: 0.8.4
Check: C++ specification
Result: NOTE
Specified C++11: please drop specification unless essential
Flavors: r-devel-linux-x86_64-debian-clang, r-devel-linux-x86_64-debian-gcc, r-devel-linux-x86_64-fedora-clang, r-devel-linux-x86_64-fedora-gcc, r-devel-windows-x86_64, r-patched-linux-x86_64, r-release-linux-x86_64, r-release-macos-arm64, r-release-macos-x86_64, r-release-windows-x86_64