Last updated on 2023-12-02 07:50:24 CET.
Flavor | Version | Tinstall | Tcheck | Ttotal | Status | Flags |
---|---|---|---|---|---|---|
r-devel-linux-x86_64-debian-clang | 2.4.0 | 8.34 | 48.47 | 56.81 | OK | |
r-devel-linux-x86_64-debian-gcc | 2.4.0 | 6.65 | 37.31 | 43.96 | OK | |
r-devel-linux-x86_64-fedora-clang | 2.4.0 | 67.02 | NOTE | |||
r-devel-linux-x86_64-fedora-gcc | 2.4.0 | 65.16 | NOTE | |||
r-devel-windows-x86_64 | 2.4.0 | 14.00 | 63.00 | 77.00 | OK | |
r-patched-linux-x86_64 | 2.4.0 | 4.58 | 46.96 | 51.54 | OK | |
r-release-linux-x86_64 | 2.4.0 | 4.92 | 47.15 | 52.07 | OK | |
r-release-macos-arm64 | 2.4.0 | 30.00 | NOTE | |||
r-release-macos-x86_64 | 2.4.0 | 55.00 | NOTE | |||
r-release-windows-x86_64 | 2.4.0 | 17.00 | 69.00 | 86.00 | OK | |
r-oldrel-macos-arm64 | 2.4.0 | 33.00 | NOTE | |||
r-oldrel-macos-x86_64 | 2.3.3 | 45.00 | NOTE | |||
r-oldrel-windows-x86_64 | 2.4.0 | 17.00 | 74.00 | 91.00 | OK |
Version: 2.4.0
Check: installed package size
Result: NOTE
installed size is 7.0Mb
sub-directories of 1Mb or more:
examples 2.9Mb
htmlwidgets 1.1Mb
www 2.7Mb
Flavors: r-devel-linux-x86_64-fedora-clang, r-release-macos-arm64, r-release-macos-x86_64, r-oldrel-macos-arm64
Version: 2.4.0
Check: data for non-ASCII characters
Result: NOTE
Note: found 17 marked UTF-8 strings
Flavors: r-devel-linux-x86_64-fedora-clang, r-devel-linux-x86_64-fedora-gcc
Version: 2.3.3
Check: installed package size
Result: NOTE
installed size is 6.7Mb
sub-directories of 1Mb or more:
examples 2.8Mb
htmlwidgets 1.1Mb
www 2.7Mb
Flavor: r-oldrel-macos-x86_64