Last updated on 2024-03-28 19:48:34 CET.
Flavor | Version | Tinstall | Tcheck | Ttotal | Status | Flags |
---|---|---|---|---|---|---|
r-devel-linux-x86_64-debian-clang | 1.1.1 | 275.55 | 37.34 | 312.89 | NOTE | |
r-devel-linux-x86_64-debian-gcc | 1.1.1 | 213.30 | 28.85 | 242.15 | NOTE | |
r-devel-linux-x86_64-fedora-clang | 1.1.1 | 496.35 | NOTE | |||
r-devel-linux-x86_64-fedora-gcc | 1.1.1 | 475.24 | NOTE | |||
r-devel-windows-x86_64 | 1.1.1 | 214.00 | 78.00 | 292.00 | NOTE | |
r-patched-linux-x86_64 | 1.1.1 | 254.70 | 36.76 | 291.46 | NOTE | |
r-release-linux-x86_64 | 1.1.1 | 279.16 | 36.01 | 315.17 | NOTE | |
r-release-macos-arm64 | 1.1.1 | 97.00 | NOTE | |||
r-release-macos-x86_64 | 1.1.1 | 174.00 | NOTE | |||
r-release-windows-x86_64 | 1.1.1 | 263.00 | 87.00 | 350.00 | NOTE | |
r-oldrel-macos-arm64 | 1.1.1 | 92.00 | NOTE | |||
r-oldrel-windows-x86_64 | 1.1.1 | 254.00 | 80.00 | 334.00 | OK |
Version: 1.1.1
Check: C++ specification
Result: NOTE
Specified C++11: please drop specification unless essential
Flavors: r-devel-linux-x86_64-debian-clang, r-devel-linux-x86_64-debian-gcc, r-devel-linux-x86_64-fedora-clang, r-devel-linux-x86_64-fedora-gcc, r-devel-windows-x86_64, r-patched-linux-x86_64, r-release-linux-x86_64, r-release-macos-arm64, r-release-macos-x86_64, r-release-windows-x86_64
Version: 1.1.1
Check: installed package size
Result: NOTE
installed size is 7.0Mb
sub-directories of 1Mb or more:
data 1.1Mb
libs 5.8Mb
Flavors: r-release-macos-arm64, r-release-macos-x86_64, r-oldrel-macos-arm64