Last updated on 2023-06-09 19:56:26 CEST.
Flavor | Version | Tinstall | Tcheck | Ttotal | Status | Flags |
---|---|---|---|---|---|---|
r-devel-linux-x86_64-debian-clang | 0.11 | 69.10 | 66.06 | 135.16 | NOTE | |
r-devel-linux-x86_64-debian-gcc | 0.11 | 60.69 | 51.67 | 112.36 | NOTE | |
r-devel-linux-x86_64-fedora-clang | 0.11 | 210.24 | NOTE | |||
r-devel-linux-x86_64-fedora-gcc | 0.11 | 215.24 | NOTE | |||
r-devel-windows-x86_64 | 0.11 | 60.00 | 110.00 | 170.00 | NOTE | |
r-patched-linux-x86_64 | 0.11 | 59.38 | 63.56 | 122.94 | NOTE | |
r-release-linux-x86_64 | 0.11 | 59.23 | 64.27 | 123.50 | NOTE | |
r-release-macos-arm64 | 0.11 | 61.00 | NOTE | |||
r-release-macos-x86_64 | 0.11 | 100.00 | NOTE | |||
r-release-windows-x86_64 | 0.11 | 72.00 | 117.00 | 189.00 | NOTE | |
r-oldrel-macos-arm64 | 0.11 | 58.00 | NOTE | |||
r-oldrel-macos-x86_64 | 0.11 | 76.00 | NOTE | |||
r-oldrel-windows-x86_64 | 0.11 | 71.00 | 111.00 | 182.00 | OK |
Version: 0.11
Check: C++ specification
Result: NOTE
Specified C++11: please drop specification unless essential
Flavors: r-devel-linux-x86_64-debian-clang, r-devel-linux-x86_64-debian-gcc, r-devel-linux-x86_64-fedora-clang, r-devel-linux-x86_64-fedora-gcc, r-devel-windows-x86_64, r-patched-linux-x86_64, r-release-linux-x86_64, r-release-macos-arm64, r-release-macos-x86_64, r-release-windows-x86_64
Version: 0.11
Check: installed package size
Result: NOTE
installed size is 5.9Mb
sub-directories of 1Mb or more:
libs 5.5Mb
Flavors: r-release-macos-arm64, r-release-macos-x86_64, r-oldrel-macos-arm64, r-oldrel-macos-x86_64