Last updated on 2023-05-29 20:00:26 CEST.
Flavor | Version | Tinstall | Tcheck | Ttotal | Status | Flags |
---|---|---|---|---|---|---|
r-devel-linux-x86_64-debian-clang | 2.0.0 | 9.33 | 74.25 | 83.58 | OK | |
r-devel-linux-x86_64-debian-gcc | 2.0.0 | 6.95 | 56.60 | 63.55 | OK | |
r-devel-linux-x86_64-fedora-clang | 2.0.0 | 106.70 | NOTE | |||
r-devel-linux-x86_64-fedora-gcc | 2.0.0 | 98.14 | NOTE | |||
r-devel-windows-x86_64 | 2.0.0 | 10.00 | 78.00 | 88.00 | OK | |
r-patched-linux-x86_64 | 2.0.0 | 7.81 | 69.73 | 77.54 | OK | |
r-release-linux-x86_64 | 2.0.0 | 6.07 | 69.88 | 75.95 | OK | |
r-release-macos-arm64 | 2.0.0 | 33.00 | OK | |||
r-release-macos-x86_64 | 2.0.0 | 50.00 | OK | |||
r-release-windows-x86_64 | 2.0.0 | 13.00 | 93.00 | 106.00 | OK | |
r-oldrel-macos-arm64 | 2.0.0 | 38.00 | NOTE | |||
r-oldrel-macos-x86_64 | 2.0.0 | 50.00 | NOTE | |||
r-oldrel-windows-x86_64 | 2.0.0 | 13.00 | 91.00 | 104.00 | OK |
Version: 2.0.0
Check: dependencies in R code
Result: NOTE
Namespaces in Imports field not imported from:
‘grid’ ‘mcmcplots’ ‘tidyverse’
All declared Imports should be used.
Flavors: r-devel-linux-x86_64-fedora-clang, r-devel-linux-x86_64-fedora-gcc, r-oldrel-macos-arm64, r-oldrel-macos-x86_64