Last updated on 2024-03-28 19:48:34 CET.
Flavor | Version | Tinstall | Tcheck | Ttotal | Status | Flags |
---|---|---|---|---|---|---|
r-devel-linux-x86_64-debian-clang | 1.1 | 2.13 | 22.49 | 24.62 | NOTE | |
r-devel-linux-x86_64-debian-gcc | 1.1 | 1.52 | 18.38 | 19.90 | NOTE | |
r-devel-linux-x86_64-fedora-clang | 1.1 | 32.23 | NOTE | |||
r-devel-linux-x86_64-fedora-gcc | 1.1 | 31.07 | NOTE | |||
r-devel-windows-x86_64 | 1.1 | 3.00 | 38.00 | 41.00 | NOTE | |
r-patched-linux-x86_64 | 1.1 | 1.87 | 23.13 | 25.00 | NOTE | |
r-release-linux-x86_64 | 1.1 | 1.76 | 21.03 | 22.79 | OK | |
r-release-macos-arm64 | 1.1 | 15.00 | OK | |||
r-release-macos-x86_64 | 1.1 | 18.00 | OK | |||
r-release-windows-x86_64 | 1.1 | 5.00 | 36.00 | 41.00 | OK | |
r-oldrel-macos-arm64 | 1.1 | 17.00 | OK | |||
r-oldrel-windows-x86_64 | 1.1 | 11.00 | 49.00 | 60.00 | OK |
Version: 1.1
Check: Rd metadata
Result: NOTE
Invalid package aliases in Rd file 'ivprobit-package.Rd':
‘ivProbit-package’
Flavors: r-devel-linux-x86_64-debian-clang, r-devel-linux-x86_64-debian-gcc, r-devel-linux-x86_64-fedora-clang, r-devel-linux-x86_64-fedora-gcc, r-devel-windows-x86_64, r-patched-linux-x86_64
Version: 1.1
Check: dependencies in R code
Result: NOTE
Namespace in Imports field not imported from: ‘methods’
All declared Imports should be used.
Flavors: r-devel-linux-x86_64-fedora-clang, r-devel-linux-x86_64-fedora-gcc