CRAN Package Check Results for Package ivmte

Last updated on 2023-09-24 20:00:26 CEST.

Flavor Version Tinstall Tcheck Ttotal Status Flags
r-devel-linux-x86_64-debian-clang 1.4.0 20.46 109.93 130.39 NOTE --no-vignettes
r-devel-linux-x86_64-debian-gcc 1.4.0 14.77 80.79 95.56 NOTE --no-vignettes
r-devel-linux-x86_64-fedora-clang 1.4.0 156.60 NOTE --no-vignettes
r-devel-linux-x86_64-fedora-gcc 1.4.0 154.64 NOTE --no-vignettes
r-devel-windows-x86_64 1.4.0 13.00 104.00 117.00 NOTE --no-vignettes
r-patched-linux-x86_64 1.4.0 17.99 105.88 123.87 NOTE --no-vignettes
r-release-linux-x86_64 1.4.0 14.57 105.80 120.37 NOTE --no-vignettes
r-release-macos-arm64 1.4.0 670.00 NOTE
r-release-macos-x86_64 1.4.0 1354.00 NOTE
r-release-windows-x86_64 1.4.0 15.00 132.00 147.00 NOTE --no-vignettes
r-oldrel-macos-arm64 1.4.0 648.00 NOTE
r-oldrel-macos-x86_64 1.4.0 1106.00 NOTE
r-oldrel-windows-x86_64 1.4.0 31.00 126.00 157.00 NOTE --no-vignettes

Check Details

Version: 1.4.0
Flags: --no-vignettes
Check: package dependencies
Result: NOTE
    Packages suggested but not available for checking: 'gurobi', 'cplexAPI'
Flavors: r-devel-linux-x86_64-debian-clang, r-devel-linux-x86_64-debian-gcc, r-devel-linux-x86_64-fedora-clang, r-devel-linux-x86_64-fedora-gcc, r-devel-windows-x86_64, r-patched-linux-x86_64, r-release-linux-x86_64, r-release-windows-x86_64, r-oldrel-windows-x86_64

Version: 1.4.0
Check: package dependencies
Result: NOTE
    Packages suggested but not available for checking: 'gurobi', 'cplexAPI'
Flavors: r-release-macos-arm64, r-release-macos-x86_64, r-oldrel-macos-arm64, r-oldrel-macos-x86_64